{"version":"1.0","provider_name":"Portal Tela Portugal","provider_url":"https:\/\/portaltela.pt","author_name":"Telinha","author_url":"https:\/\/portaltela.pt\/por\/367410592786\/","title":"Motoristas e operadores TVDE voltam aos protestos - Portal Tela Portugal","type":"rich","width":600,"height":338,"html":"<blockquote class=\"wp-embedded-content\" data-secret=\"jc8d487muY\"><a href=\"https:\/\/portaltela.pt\/sociedade\/2026\/04\/29\/motoristas-e-operadores-tvde-voltam-aos-protestos\/\">Motoristas e operadores TVDE voltam aos protestos<\/a><\/blockquote><iframe sandbox=\"allow-scripts\" security=\"restricted\" src=\"https:\/\/portaltela.pt\/sociedade\/2026\/04\/29\/motoristas-e-operadores-tvde-voltam-aos-protestos\/embed\/#?secret=jc8d487muY\" width=\"600\" height=\"338\" title=\"&#8220;Motoristas e operadores TVDE voltam aos protestos&#8221; &#8212; Portal Tela Portugal\" data-secret=\"jc8d487muY\" frameborder=\"0\" marginwidth=\"0\" marginheight=\"0\" scrolling=\"no\" class=\"wp-embedded-content\"><\/iframe><script type=\"text\/javascript\">\n\/* <![CDATA[ *\/\n\/*! This file is auto-generated *\/\n!function(d,l){\"use strict\";l.querySelector&&d.addEventListener&&\"undefined\"!=typeof URL&&(d.wp=d.wp||{},d.wp.receiveEmbedMessage||(d.wp.receiveEmbedMessage=function(e){var t=e.data;if((t||t.secret||t.message||t.value)&&!\/[^a-zA-Z0-9]\/.test(t.secret)){for(var s,r,n,a=l.querySelectorAll('iframe[data-secret=\"'+t.secret+'\"]'),o=l.querySelectorAll('blockquote[data-secret=\"'+t.secret+'\"]'),c=new RegExp(\"^https?:$\",\"i\"),i=0;i<o.length;i++)o[i].style.display=\"none\";for(i=0;i<a.length;i++)s=a[i],e.source===s.contentWindow&&(s.removeAttribute(\"style\"),\"height\"===t.message?(1e3<(r=parseInt(t.value,10))?r=1e3:~~r<200&&(r=200),s.height=r):\"link\"===t.message&&(r=new URL(s.getAttribute(\"src\")),n=new URL(t.value),c.test(n.protocol))&&n.host===r.host&&l.activeElement===s&&(d.top.location.href=t.value))}},d.addEventListener(\"message\",d.wp.receiveEmbedMessage,!1),l.addEventListener(\"DOMContentLoaded\",function(){for(var e,t,s=l.querySelectorAll(\"iframe.wp-embedded-content\"),r=0;r<s.length;r++)(t=(e=s[r]).getAttribute(\"data-secret\"))||(t=Math.random().toString(36).substring(2,12),e.src+=\"#?secret=\"+t,e.setAttribute(\"data-secret\",t)),e.contentWindow.postMessage({message:\"ready\",secret:t},\"*\")},!1)))}(window,document);\n\/\/# sourceURL=https:\/\/portaltela.pt\/wp-includes\/js\/wp-embed.min.js\n\/* ]]> *\/\n<\/script>\n","thumbnail_url":"https:\/\/portaltela.pt\/s.01k8rhncp4jt1\/2026\/04\/image-1634-768x432.jpg","thumbnail_width":600,"thumbnail_height":338,"description":"Motoristas e operadores TVDE voltam a protestar, esta quarta-feira, com sa\u00edda marcada do Campo Pequeno, em Lisboa, contra plataformas e Governo numa altura de revis\u00e3o da legisla\u00e7\u00e3o. Reivindicam aumento urgente das tarifas, rejei\u00e7\u00e3o da entrada do setor do t\u00e1xi no regime TVDE e apoio ao aumento do pre\u00e7o dos combust\u00edveis. O protesto \u00e9 organizado pela Associa\u00e7\u00e3o Portuguesa de Transportadores em Autom\u00f3veis Descaracterizados (APTAD) e pela Associa\u00e7\u00e3o Nacional Movimento - TVDE (ANM-TVDE), contando com criadores de conte\u00fado nas redes sociais. Os manifestantes v\u00e3o parar os carros e deslocar-se-\u00e3o, por conta pr\u00f3pria, \u00e0s sedes da Bolt (Avenida da Liberdade) e da Uber (Avenida Barbosa du Bocage), prevendo chegar \u00e0 Assembleia da Rep\u00fablica \u00e0s 13h. Uma paralisa\u00e7\u00e3o de 24 horas tamb\u00e9m foi anunciada por um grupo de estafetas e motoristas de plataformas Glovo, Uber Eats e TVDE. Em mar\u00e7o, estavam ativos 39.615 motoristas certificados e 14.649 operadores ativos, segundo dados oficiais da plataforma de monitoriza\u00e7\u00e3o das atividades TVDE."}

Motoristas e operadores TVDE voltam a protestar, esta quarta-feira, com saída marcada do Campo Pequeno, em Lisboa, contra plataformas e Governo numa altura de revisão da legislação. Reivindicam aumento urgente das tarifas, rejeição da entrada do setor do táxi no regime TVDE e apoio ao aumento do preço dos combustíveis. O protesto é organizado pela Associação Portuguesa de Transportadores em Automóveis Descaracterizados (APTAD) e pela Associação Nacional Movimento - TVDE (ANM-TVDE), contando com criadores de conteúdo nas redes sociais. Os manifestantes vão parar os carros e deslocar-se-ão, por conta própria, às sedes da Bolt (Avenida da Liberdade) e da Uber (Avenida Barbosa du Bocage), prevendo chegar à Assembleia da República às 13h. Uma paralisação de 24 horas também foi anunciada por um grupo de estafetas e motoristas de plataformas Glovo, Uber Eats e TVDE. Em março, estavam ativos 39.615 motoristas certificados e 14.649 operadores ativos, segundo dados oficiais da plataforma de monitorização das atividades TVDE.
