{"version":"1.0","provider_name":"Portal Tela Portugal","provider_url":"https:\/\/portaltela.pt","author_name":"Telinha","author_url":"https:\/\/portaltela.pt\/por\/367410592786\/","title":"Idosa desaparecida encontrada morta em Vieira do Minho - Portal Tela Portugal","type":"rich","width":600,"height":338,"html":"<blockquote class=\"wp-embedded-content\" data-secret=\"6QaIWjmf9m\"><a href=\"https:\/\/portaltela.pt\/sociedade\/2026\/03\/29\/idosa-desaparecida-encontrada-morta-em-vieira-do-minho\/\">Idosa desaparecida encontrada morta em Vieira do Minho<\/a><\/blockquote><iframe sandbox=\"allow-scripts\" security=\"restricted\" src=\"https:\/\/portaltela.pt\/sociedade\/2026\/03\/29\/idosa-desaparecida-encontrada-morta-em-vieira-do-minho\/embed\/#?secret=6QaIWjmf9m\" width=\"600\" height=\"338\" title=\"&#8220;Idosa desaparecida encontrada morta em Vieira do Minho&#8221; &#8212; Portal Tela Portugal\" data-secret=\"6QaIWjmf9m\" frameborder=\"0\" marginwidth=\"0\" marginheight=\"0\" scrolling=\"no\" class=\"wp-embedded-content\"><\/iframe><script type=\"text\/javascript\">\n\/* <![CDATA[ *\/\n\/*! This file is auto-generated *\/\n!function(d,l){\"use strict\";l.querySelector&&d.addEventListener&&\"undefined\"!=typeof URL&&(d.wp=d.wp||{},d.wp.receiveEmbedMessage||(d.wp.receiveEmbedMessage=function(e){var t=e.data;if((t||t.secret||t.message||t.value)&&!\/[^a-zA-Z0-9]\/.test(t.secret)){for(var s,r,n,a=l.querySelectorAll('iframe[data-secret=\"'+t.secret+'\"]'),o=l.querySelectorAll('blockquote[data-secret=\"'+t.secret+'\"]'),c=new RegExp(\"^https?:$\",\"i\"),i=0;i<o.length;i++)o[i].style.display=\"none\";for(i=0;i<a.length;i++)s=a[i],e.source===s.contentWindow&&(s.removeAttribute(\"style\"),\"height\"===t.message?(1e3<(r=parseInt(t.value,10))?r=1e3:~~r<200&&(r=200),s.height=r):\"link\"===t.message&&(r=new URL(s.getAttribute(\"src\")),n=new URL(t.value),c.test(n.protocol))&&n.host===r.host&&l.activeElement===s&&(d.top.location.href=t.value))}},d.addEventListener(\"message\",d.wp.receiveEmbedMessage,!1),l.addEventListener(\"DOMContentLoaded\",function(){for(var e,t,s=l.querySelectorAll(\"iframe.wp-embedded-content\"),r=0;r<s.length;r++)(t=(e=s[r]).getAttribute(\"data-secret\"))||(t=Math.random().toString(36).substring(2,12),e.src+=\"#?secret=\"+t,e.setAttribute(\"data-secret\",t)),e.contentWindow.postMessage({message:\"ready\",secret:t},\"*\")},!1)))}(window,document);\n\/\/# sourceURL=https:\/\/portaltela.pt\/wp-includes\/js\/wp-embed.min.js\n\/* ]]> *\/\n<\/script>\n","thumbnail_url":"https:\/\/portaltela.pt\/s.01k8rhncp4jt1\/2026\/03\/img_1500x1000uu2026-03-26-10-01-38-2225371-768x432.jpg","thumbnail_width":600,"thumbnail_height":338,"description":"Idosa de 81 anos desapareceu na tarde de s\u00e1bado em Vieira do Minho. Foi encontrada morta na manh\u00e3 de domingo perto da casa, na travessa do Tamanqueiro, em Parada de Bouro. A GNR, com c\u00e3es pisteiros, realizou as buscas; a fam\u00edlia participou em apelos nas redes sociais. N\u00e3o h\u00e1 ind\u00edcios de crime; as autoridades presumem que a queda tenha sido fatal e continuam a investiga\u00e7\u00e3o. O corpo foi transportado para o Gabinete M\u00e9dico Legal de Braga para aut\u00f3psia, conduzido pelos Bombeiros de Vieira do Minho."}

Idosa de 81 anos desapareceu na tarde de sábado em Vieira do Minho. Foi encontrada morta na manhã de domingo perto da casa, na travessa do Tamanqueiro, em Parada de Bouro. A GNR, com cães pisteiros, realizou as buscas; a família participou em apelos nas redes sociais. Não há indícios de crime; as autoridades presumem que a queda tenha sido fatal e continuam a investigação. O corpo foi transportado para o Gabinete Médico Legal de Braga para autópsia, conduzido pelos Bombeiros de Vieira do Minho.
