{"version":"1.0","provider_name":"Portal Tela Portugal","provider_url":"https:\/\/portaltela.pt","author_name":"Telinha","author_url":"https:\/\/portaltela.pt\/por\/367410592786\/","title":"Concerta\u00e7\u00e3o social adiada por per\u00edodo eleitoral - Portal Tela Portugal","type":"rich","width":600,"height":338,"html":"<blockquote class=\"wp-embedded-content\" data-secret=\"WXlDbpqujU\"><a href=\"https:\/\/portaltela.pt\/noticias\/politica\/2026\/01\/07\/concertacao-social-adiada-por-periodo-eleitoral\/\">Concerta\u00e7\u00e3o social adiada por per\u00edodo eleitoral<\/a><\/blockquote><iframe sandbox=\"allow-scripts\" security=\"restricted\" src=\"https:\/\/portaltela.pt\/noticias\/politica\/2026\/01\/07\/concertacao-social-adiada-por-periodo-eleitoral\/embed\/#?secret=WXlDbpqujU\" width=\"600\" height=\"338\" title=\"&#8220;Concerta\u00e7\u00e3o social adiada por per\u00edodo eleitoral&#8221; &#8212; Portal Tela Portugal\" data-secret=\"WXlDbpqujU\" frameborder=\"0\" marginwidth=\"0\" marginheight=\"0\" scrolling=\"no\" class=\"wp-embedded-content\"><\/iframe><script type=\"text\/javascript\">\n\/* <![CDATA[ *\/\n\/*! This file is auto-generated *\/\n!function(d,l){\"use strict\";l.querySelector&&d.addEventListener&&\"undefined\"!=typeof URL&&(d.wp=d.wp||{},d.wp.receiveEmbedMessage||(d.wp.receiveEmbedMessage=function(e){var t=e.data;if((t||t.secret||t.message||t.value)&&!\/[^a-zA-Z0-9]\/.test(t.secret)){for(var s,r,n,a=l.querySelectorAll('iframe[data-secret=\"'+t.secret+'\"]'),o=l.querySelectorAll('blockquote[data-secret=\"'+t.secret+'\"]'),c=new RegExp(\"^https?:$\",\"i\"),i=0;i<o.length;i++)o[i].style.display=\"none\";for(i=0;i<a.length;i++)s=a[i],e.source===s.contentWindow&&(s.removeAttribute(\"style\"),\"height\"===t.message?(1e3<(r=parseInt(t.value,10))?r=1e3:~~r<200&&(r=200),s.height=r):\"link\"===t.message&&(r=new URL(s.getAttribute(\"src\")),n=new URL(t.value),c.test(n.protocol))&&n.host===r.host&&l.activeElement===s&&(d.top.location.href=t.value))}},d.addEventListener(\"message\",d.wp.receiveEmbedMessage,!1),l.addEventListener(\"DOMContentLoaded\",function(){for(var e,t,s=l.querySelectorAll(\"iframe.wp-embedded-content\"),r=0;r<s.length;r++)(t=(e=s[r]).getAttribute(\"data-secret\"))||(t=Math.random().toString(36).substring(2,12),e.src+=\"#?secret=\"+t,e.setAttribute(\"data-secret\",t)),e.contentWindow.postMessage({message:\"ready\",secret:t},\"*\")},!1)))}(window,document);\n\/\/# sourceURL=https:\/\/portaltela.pt\/wp-includes\/js\/wp-embed.min.js\n\/* ]]> *\/\n<\/script>\n","thumbnail_url":"https:\/\/portaltela.pt\/s.01k8rhncp4jt1\/2026\/01\/unnamed-file-1471-768x432.jpg","thumbnail_width":600,"thumbnail_height":338,"description":"A reuni\u00e3o da Concerta\u00e7\u00e3o Social marcada para 14 de janeiro foi adiada a pedido de alguns parceiros, devido ao per\u00edodo eleitoral, segundo o Expresso e confirmado pelo Observador junto de fonte oficial do Minist\u00e9rio do Trabalho e da Seguran\u00e7a Social. \u2022 A mesma fonte n\u00e3o revelou quais entidades pediram o adiamento, limitando-se a dizer que foi uma decis\u00e3o de mais de uma parte, e que n\u00e3o h\u00e1 nova data definida. \u2022 O adiamento n\u00e3o dever\u00e1 afectar as reuni\u00f5es bilaterais entre Governo, sindicatos e entidades patronais j\u00e1 marcadas nem aquelas que ainda n\u00e3o estejam agendadas. \u2022 A Confedera\u00e7\u00e3o do Com\u00e9rcio e Servi\u00e7os de Portugal disse ter sido contactada pelo Minist\u00e9rio do Trabalho e ter concordado com o adiamento. \u2022 Para 14 de janeiro est\u00e1 marcada uma reuni\u00e3o do primeiro-ministro com a CGTP, que estava prevista para 7 de janeiro e foi adiada, com o Governo a justificar o adiamento pelo atual cen\u00e1rio internacional ap\u00f3s o ataque dos EUA \u00e0 Venezuela."}

Concertação social adiada por período eleitoral - Portal Tela Portugal

<blockquote class="wp-embedded-content" data-secret="WXlDbpqujU"><a href="https://portaltela.pt/noticias/politica/2026/01/07/concertacao-social-adiada-por-periodo-eleitoral/">Concertação social adiada por período eleitoral</a></blockquote><iframe sandbox="allow-scripts" security="restricted" src="https://portaltela.pt/noticias/politica/2026/01/07/concertacao-social-adiada-por-periodo-eleitoral/embed/#?secret=WXlDbpqujU" width="600" height="338" title="&#8220;Concertação social adiada por período eleitoral&#8221; &#8212; Portal Tela Portugal" data-secret="WXlDbpqujU" frameborder="0" marginwidth="0" marginheight="0" scrolling="no" class="wp-embedded-content"></iframe><script type="text/javascript">
/* <![CDATA[ */
/*! This file is auto-generated */
!function(d,l){"use strict";l.querySelector&&d.addEventListener&&"undefined"!=typeof URL&&(d.wp=d.wp||{},d.wp.receiveEmbedMessage||(d.wp.receiveEmbedMessage=function(e){var t=e.data;if((t||t.secret||t.message||t.value)&&!/[^a-zA-Z0-9]/.test(t.secret)){for(var s,r,n,a=l.querySelectorAll('iframe[data-secret="'+t.secret+'"]'),o=l.querySelectorAll('blockquote[data-secret="'+t.secret+'"]'),c=new RegExp("^https?:$","i"),i=0;i<o.length;i++)o[i].style.display="none";for(i=0;i<a.length;i++)s=a[i],e.source===s.contentWindow&&(s.removeAttribute("style"),"height"===t.message?(1e3<(r=parseInt(t.value,10))?r=1e3:~~r<200&&(r=200),s.height=r):"link"===t.message&&(r=new URL(s.getAttribute("src")),n=new URL(t.value),c.test(n.protocol))&&n.host===r.host&&l.activeElement===s&&(d.top.location.href=t.value))}},d.addEventListener("message",d.wp.receiveEmbedMessage,!1),l.addEventListener("DOMContentLoaded",function(){for(var e,t,s=l.querySelectorAll("iframe.wp-embedded-content"),r=0;r<s.length;r++)(t=(e=s[r]).getAttribute("data-secret"))||(t=Math.random().toString(36).substring(2,12),e.src+="#?secret="+t,e.setAttribute("data-secret",t)),e.contentWindow.postMessage({message:"ready",secret:t},"*")},!1)))}(window,document);
//# sourceURL=https://portaltela.pt/wp-includes/js/wp-embed.min.js
/* ]]> */
</script>

A reunião da Concertação Social marcada para 14 de janeiro foi adiada a pedido de alguns parceiros, devido ao período eleitoral, segundo o Expresso e confirmado pelo Observador junto de fonte oficial do Ministério do Trabalho e da Segurança Social. • A mesma fonte não revelou quais entidades pediram o adiamento, limitando-se a dizer que foi uma decisão de mais de uma parte, e que não há nova data definida. • O adiamento não deverá afectar as reuniões bilaterais entre Governo, sindicatos e entidades patronais já marcadas nem aquelas que ainda não estejam agendadas. • A Confederação do Comércio e Serviços de Portugal disse ter sido contactada pelo Ministério do Trabalho e ter concordado com o adiamento. • Para 14 de janeiro está marcada uma reunião do primeiro-ministro com a CGTP, que estava prevista para 7 de janeiro e foi adiada, com o Governo a justificar o adiamento pelo atual cenário internacional após o ataque dos EUA à Venezuela.
