{"version":"1.0","provider_name":"Portal Tela Portugal","provider_url":"https:\/\/portaltela.pt","author_name":"Telinha","author_url":"https:\/\/portaltela.pt\/por\/367410592786\/","title":"Rio Ferreira pede medidas mais r\u00e1pidas - Portal Tela Portugal","type":"rich","width":600,"height":338,"html":"<blockquote class=\"wp-embedded-content\" data-secret=\"hFIy2IDZIH\"><a href=\"https:\/\/portaltela.pt\/noticias\/2026\/03\/14\/rio-ferreira-pede-medidas-mais-rapidas\/\">Rio Ferreira pede medidas mais r\u00e1pidas<\/a><\/blockquote><iframe sandbox=\"allow-scripts\" security=\"restricted\" src=\"https:\/\/portaltela.pt\/noticias\/2026\/03\/14\/rio-ferreira-pede-medidas-mais-rapidas\/embed\/#?secret=hFIy2IDZIH\" width=\"600\" height=\"338\" title=\"&#8220;Rio Ferreira pede medidas mais r\u00e1pidas&#8221; &#8212; Portal Tela Portugal\" data-secret=\"hFIy2IDZIH\" frameborder=\"0\" marginwidth=\"0\" marginheight=\"0\" scrolling=\"no\" class=\"wp-embedded-content\"><\/iframe><script type=\"text\/javascript\">\n\/* <![CDATA[ *\/\n\/*! This file is auto-generated *\/\n!function(d,l){\"use strict\";l.querySelector&&d.addEventListener&&\"undefined\"!=typeof URL&&(d.wp=d.wp||{},d.wp.receiveEmbedMessage||(d.wp.receiveEmbedMessage=function(e){var t=e.data;if((t||t.secret||t.message||t.value)&&!\/[^a-zA-Z0-9]\/.test(t.secret)){for(var s,r,n,a=l.querySelectorAll('iframe[data-secret=\"'+t.secret+'\"]'),o=l.querySelectorAll('blockquote[data-secret=\"'+t.secret+'\"]'),c=new RegExp(\"^https?:$\",\"i\"),i=0;i<o.length;i++)o[i].style.display=\"none\";for(i=0;i<a.length;i++)s=a[i],e.source===s.contentWindow&&(s.removeAttribute(\"style\"),\"height\"===t.message?(1e3<(r=parseInt(t.value,10))?r=1e3:~~r<200&&(r=200),s.height=r):\"link\"===t.message&&(r=new URL(s.getAttribute(\"src\")),n=new URL(t.value),c.test(n.protocol))&&n.host===r.host&&l.activeElement===s&&(d.top.location.href=t.value))}},d.addEventListener(\"message\",d.wp.receiveEmbedMessage,!1),l.addEventListener(\"DOMContentLoaded\",function(){for(var e,t,s=l.querySelectorAll(\"iframe.wp-embedded-content\"),r=0;r<s.length;r++)(t=(e=s[r]).getAttribute(\"data-secret\"))||(t=Math.random().toString(36).substring(2,12),e.src+=\"#?secret=\"+t,e.setAttribute(\"data-secret\",t)),e.contentWindow.postMessage({message:\"ready\",secret:t},\"*\")},!1)))}(window,document);\n\/\/# sourceURL=https:\/\/portaltela.pt\/wp-includes\/js\/wp-embed.min.js\n\/* ]]> *\/\n<\/script>\n","thumbnail_url":"https:\/\/portaltela.pt\/s.01k8rhncp4jt1\/2026\/03\/2073953-768x432.jpg","thumbnail_width":600,"thumbnail_height":338,"description":"O rio Ferreira, no Porto, continua com degrada\u00e7\u00e3o ambiental devido \u00e0 ETAR de Arreigada, que n\u00e3o cumpre normas, apesar de investimento p\u00fablico e fundos europeus. Nas obras iniciadas em 2019, o rio recebeu esgoto de Pa\u00e7os de Ferreira praticamente sem tratamento; em 2023 foi instalado um equipamento provis\u00f3rio, ainda incapaz de tratar todo o efluente. O novo projecto de remodela\u00e7\u00e3o da ETAR pretende triplicar a capacidade para 30.000 m\u00b3\/dia, com prazo de execu\u00e7\u00e3o de 2,5 anos; o concurso foi lan\u00e7ado no in\u00edcio deste ano e o prazo foi alargado at\u00e9 7 de mar\u00e7o. A ETAR de Arreigada \u00e9 prioridade do Plano Estrat\u00e9gico para Abastecimento de \u00c1gua e Gest\u00e3o de \u00c1guas Residuais e Pluviais 2030 e, desde 2022, \u00e9 reconhecida como erro de engenharia; h\u00e1 a\u00e7\u00f5es judiciais em curso, sem desfecho. Em dezembro de 2025, a Comiss\u00e3o Europeia instaurou uma a\u00e7\u00e3o no Tribunal de Justi\u00e7a da Uni\u00e3o Europeia contra Portugal por n\u00e3o cumprir as regras de \u00e1guas residuais; Pa\u00e7os de Ferreira est\u00e1 inclu\u00edda no processo."}

Rio Ferreira pede medidas mais rápidas - Portal Tela Portugal

<blockquote class="wp-embedded-content" data-secret="hFIy2IDZIH"><a href="https://portaltela.pt/noticias/2026/03/14/rio-ferreira-pede-medidas-mais-rapidas/">Rio Ferreira pede medidas mais rápidas</a></blockquote><iframe sandbox="allow-scripts" security="restricted" src="https://portaltela.pt/noticias/2026/03/14/rio-ferreira-pede-medidas-mais-rapidas/embed/#?secret=hFIy2IDZIH" width="600" height="338" title="&#8220;Rio Ferreira pede medidas mais rápidas&#8221; &#8212; Portal Tela Portugal" data-secret="hFIy2IDZIH" frameborder="0" marginwidth="0" marginheight="0" scrolling="no" class="wp-embedded-content"></iframe><script type="text/javascript">
/* <![CDATA[ */
/*! This file is auto-generated */
!function(d,l){"use strict";l.querySelector&&d.addEventListener&&"undefined"!=typeof URL&&(d.wp=d.wp||{},d.wp.receiveEmbedMessage||(d.wp.receiveEmbedMessage=function(e){var t=e.data;if((t||t.secret||t.message||t.value)&&!/[^a-zA-Z0-9]/.test(t.secret)){for(var s,r,n,a=l.querySelectorAll('iframe[data-secret="'+t.secret+'"]'),o=l.querySelectorAll('blockquote[data-secret="'+t.secret+'"]'),c=new RegExp("^https?:$","i"),i=0;i<o.length;i++)o[i].style.display="none";for(i=0;i<a.length;i++)s=a[i],e.source===s.contentWindow&&(s.removeAttribute("style"),"height"===t.message?(1e3<(r=parseInt(t.value,10))?r=1e3:~~r<200&&(r=200),s.height=r):"link"===t.message&&(r=new URL(s.getAttribute("src")),n=new URL(t.value),c.test(n.protocol))&&n.host===r.host&&l.activeElement===s&&(d.top.location.href=t.value))}},d.addEventListener("message",d.wp.receiveEmbedMessage,!1),l.addEventListener("DOMContentLoaded",function(){for(var e,t,s=l.querySelectorAll("iframe.wp-embedded-content"),r=0;r<s.length;r++)(t=(e=s[r]).getAttribute("data-secret"))||(t=Math.random().toString(36).substring(2,12),e.src+="#?secret="+t,e.setAttribute("data-secret",t)),e.contentWindow.postMessage({message:"ready",secret:t},"*")},!1)))}(window,document);
//# sourceURL=https://portaltela.pt/wp-includes/js/wp-embed.min.js
/* ]]> */
</script>

O rio Ferreira, no Porto, continua com degradação ambiental devido à ETAR de Arreigada, que não cumpre normas, apesar de investimento público e fundos europeus. Nas obras iniciadas em 2019, o rio recebeu esgoto de Paços de Ferreira praticamente sem tratamento; em 2023 foi instalado um equipamento provisório, ainda incapaz de tratar todo o efluente. O novo projecto de remodelação da ETAR pretende triplicar a capacidade para 30.000 m³/dia, com prazo de execução de 2,5 anos; o concurso foi lançado no início deste ano e o prazo foi alargado até 7 de março. A ETAR de Arreigada é prioridade do Plano Estratégico para Abastecimento de Água e Gestão de Águas Residuais e Pluviais 2030 e, desde 2022, é reconhecida como erro de engenharia; há ações judiciais em curso, sem desfecho. Em dezembro de 2025, a Comissão Europeia instaurou uma ação no Tribunal de Justiça da União Europeia contra Portugal por não cumprir as regras de águas residuais; Paços de Ferreira está incluída no processo.
