{"version":"1.0","provider_name":"Portal Tela Portugal","provider_url":"https:\/\/portaltela.pt","author_name":"Telinha","author_url":"https:\/\/portaltela.pt\/por\/367410592786\/","title":"Depress\u00e3o Kristin causa impactos no Alto Alentejo - Portal Tela Portugal","type":"rich","width":600,"height":338,"html":"<blockquote class=\"wp-embedded-content\" data-secret=\"YZmHVyRLYE\"><a href=\"https:\/\/portaltela.pt\/noticias\/2026\/01\/28\/depressao-kristin-causa-impactos-no-alto-alentejo\/\">Depress\u00e3o Kristin causa impactos no Alto Alentejo<\/a><\/blockquote><iframe sandbox=\"allow-scripts\" security=\"restricted\" src=\"https:\/\/portaltela.pt\/noticias\/2026\/01\/28\/depressao-kristin-causa-impactos-no-alto-alentejo\/embed\/#?secret=YZmHVyRLYE\" width=\"600\" height=\"338\" title=\"&#8220;Depress\u00e3o Kristin causa impactos no Alto Alentejo&#8221; &#8212; Portal Tela Portugal\" data-secret=\"YZmHVyRLYE\" frameborder=\"0\" marginwidth=\"0\" marginheight=\"0\" scrolling=\"no\" class=\"wp-embedded-content\"><\/iframe><script type=\"text\/javascript\">\n\/* <![CDATA[ *\/\n\/*! This file is auto-generated *\/\n!function(d,l){\"use strict\";l.querySelector&&d.addEventListener&&\"undefined\"!=typeof URL&&(d.wp=d.wp||{},d.wp.receiveEmbedMessage||(d.wp.receiveEmbedMessage=function(e){var t=e.data;if((t||t.secret||t.message||t.value)&&!\/[^a-zA-Z0-9]\/.test(t.secret)){for(var s,r,n,a=l.querySelectorAll('iframe[data-secret=\"'+t.secret+'\"]'),o=l.querySelectorAll('blockquote[data-secret=\"'+t.secret+'\"]'),c=new RegExp(\"^https?:$\",\"i\"),i=0;i<o.length;i++)o[i].style.display=\"none\";for(i=0;i<a.length;i++)s=a[i],e.source===s.contentWindow&&(s.removeAttribute(\"style\"),\"height\"===t.message?(1e3<(r=parseInt(t.value,10))?r=1e3:~~r<200&&(r=200),s.height=r):\"link\"===t.message&&(r=new URL(s.getAttribute(\"src\")),n=new URL(t.value),c.test(n.protocol))&&n.host===r.host&&l.activeElement===s&&(d.top.location.href=t.value))}},d.addEventListener(\"message\",d.wp.receiveEmbedMessage,!1),l.addEventListener(\"DOMContentLoaded\",function(){for(var e,t,s=l.querySelectorAll(\"iframe.wp-embedded-content\"),r=0;r<s.length;r++)(t=(e=s[r]).getAttribute(\"data-secret\"))||(t=Math.random().toString(36).substring(2,12),e.src+=\"#?secret=\"+t,e.setAttribute(\"data-secret\",t)),e.contentWindow.postMessage({message:\"ready\",secret:t},\"*\")},!1)))}(window,document);\n\/\/# sourceURL=https:\/\/portaltela.pt\/wp-includes\/js\/wp-embed.min.js\n\/* ]]> *\/\n<\/script>\n","thumbnail_url":"https:\/\/portaltela.pt\/s.01k8rhncp4jt1\/2026\/01\/unnamed-file-5612-768x432.jpg","thumbnail_width":600,"thumbnail_height":338,"description":"O distrito de Portalegre foi afetado pela depress\u00e3o Kristin, com 21 ocorr\u00eancias ainda ativas registadas at\u00e9 \u00e0s 13h de quarta-feira, 28, incluindo quedas de \u00e1rvores, estragos em estruturas e danos em redes el\u00e9tricas e de telecomunica\u00e7\u00f5es. Em Nisa, o vento forte destruiu a bilha decorativa da Pra\u00e7a da Rep\u00fablica; foram registados danos significativos em habita\u00e7\u00f5es, edif\u00edcios, postes el\u00e9tricos e de telecomunica\u00e7\u00f5es, viaturas e \u00e1rvores, sem v\u00edtimas humanas. O presidente da C\u00e2mara Municipal deslocou-se aos locais afetados e a interven\u00e7\u00e3o decorre em estreita articula\u00e7\u00e3o com Prote\u00e7\u00e3o Civil, Bombeiros, Sapadores, Guarda Nacional Republicana, C\u00e2mara e juntas de freguesia. Em Portalegre, registaram-se ocorr\u00eancias no Atalai\u00e3o, incluindo \u00e0 Rua Doutor Galiano Tavares, com telhados arrancados, estores partidos e viaturas danificadas; tamb\u00e9m houve queda de \u00e1rvore na Avenida do Brasil e em \u00e1reas entre Areeiro e Ribeira de Nisa, al\u00e9m de queda de pinheiro na Azinhaga do Raimundo. Em Elvas, os ventos causaram estragos na cobertura das bancadas do Campo do Semedo e do Complexo Municipal, levando ao encerramento do espa\u00e7o."}

Depressão Kristin causa impactos no Alto Alentejo - Portal Tela Portugal

<blockquote class="wp-embedded-content" data-secret="YZmHVyRLYE"><a href="https://portaltela.pt/noticias/2026/01/28/depressao-kristin-causa-impactos-no-alto-alentejo/">Depressão Kristin causa impactos no Alto Alentejo</a></blockquote><iframe sandbox="allow-scripts" security="restricted" src="https://portaltela.pt/noticias/2026/01/28/depressao-kristin-causa-impactos-no-alto-alentejo/embed/#?secret=YZmHVyRLYE" width="600" height="338" title="&#8220;Depressão Kristin causa impactos no Alto Alentejo&#8221; &#8212; Portal Tela Portugal" data-secret="YZmHVyRLYE" frameborder="0" marginwidth="0" marginheight="0" scrolling="no" class="wp-embedded-content"></iframe><script type="text/javascript">
/* <![CDATA[ */
/*! This file is auto-generated */
!function(d,l){"use strict";l.querySelector&&d.addEventListener&&"undefined"!=typeof URL&&(d.wp=d.wp||{},d.wp.receiveEmbedMessage||(d.wp.receiveEmbedMessage=function(e){var t=e.data;if((t||t.secret||t.message||t.value)&&!/[^a-zA-Z0-9]/.test(t.secret)){for(var s,r,n,a=l.querySelectorAll('iframe[data-secret="'+t.secret+'"]'),o=l.querySelectorAll('blockquote[data-secret="'+t.secret+'"]'),c=new RegExp("^https?:$","i"),i=0;i<o.length;i++)o[i].style.display="none";for(i=0;i<a.length;i++)s=a[i],e.source===s.contentWindow&&(s.removeAttribute("style"),"height"===t.message?(1e3<(r=parseInt(t.value,10))?r=1e3:~~r<200&&(r=200),s.height=r):"link"===t.message&&(r=new URL(s.getAttribute("src")),n=new URL(t.value),c.test(n.protocol))&&n.host===r.host&&l.activeElement===s&&(d.top.location.href=t.value))}},d.addEventListener("message",d.wp.receiveEmbedMessage,!1),l.addEventListener("DOMContentLoaded",function(){for(var e,t,s=l.querySelectorAll("iframe.wp-embedded-content"),r=0;r<s.length;r++)(t=(e=s[r]).getAttribute("data-secret"))||(t=Math.random().toString(36).substring(2,12),e.src+="#?secret="+t,e.setAttribute("data-secret",t)),e.contentWindow.postMessage({message:"ready",secret:t},"*")},!1)))}(window,document);
//# sourceURL=https://portaltela.pt/wp-includes/js/wp-embed.min.js
/* ]]> */
</script>

O distrito de Portalegre foi afetado pela depressão Kristin, com 21 ocorrências ainda ativas registadas até às 13h de quarta-feira, 28, incluindo quedas de árvores, estragos em estruturas e danos em redes elétricas e de telecomunicações. Em Nisa, o vento forte destruiu a bilha decorativa da Praça da República; foram registados danos significativos em habitações, edifícios, postes elétricos e de telecomunicações, viaturas e árvores, sem vítimas humanas. O presidente da Câmara Municipal deslocou-se aos locais afetados e a intervenção decorre em estreita articulação com Proteção Civil, Bombeiros, Sapadores, Guarda Nacional Republicana, Câmara e juntas de freguesia. Em Portalegre, registaram-se ocorrências no Atalaião, incluindo à Rua Doutor Galiano Tavares, com telhados arrancados, estores partidos e viaturas danificadas; também houve queda de árvore na Avenida do Brasil e em áreas entre Areeiro e Ribeira de Nisa, além de queda de pinheiro na Azinhaga do Raimundo. Em Elvas, os ventos causaram estragos na cobertura das bancadas do Campo do Semedo e do Complexo Municipal, levando ao encerramento do espaço.
