{"version":"1.0","provider_name":"Portal Tela Portugal","provider_url":"https:\/\/portaltela.pt","author_name":"Telinha","author_url":"https:\/\/portaltela.pt\/por\/367410592786\/","title":"Detido aos 92 anos por d\u00e9cadas de viol\u00eancia dom\u00e9stica - Portal Tela Portugal","type":"rich","width":600,"height":338,"html":"<blockquote class=\"wp-embedded-content\" data-secret=\"kUBusTJ6Kz\"><a href=\"https:\/\/portaltela.pt\/noticias\/2026\/01\/17\/detido-aos-92-anos-por-decadas-de-violencia-domestica\/\">Detido aos 92 anos por d\u00e9cadas de viol\u00eancia dom\u00e9stica<\/a><\/blockquote><iframe sandbox=\"allow-scripts\" security=\"restricted\" src=\"https:\/\/portaltela.pt\/noticias\/2026\/01\/17\/detido-aos-92-anos-por-decadas-de-violencia-domestica\/embed\/#?secret=kUBusTJ6Kz\" width=\"600\" height=\"338\" title=\"&#8220;Detido aos 92 anos por d\u00e9cadas de viol\u00eancia dom\u00e9stica&#8221; &#8212; Portal Tela Portugal\" data-secret=\"kUBusTJ6Kz\" frameborder=\"0\" marginwidth=\"0\" marginheight=\"0\" scrolling=\"no\" class=\"wp-embedded-content\"><\/iframe><script type=\"text\/javascript\">\n\/* <![CDATA[ *\/\n\/*! This file is auto-generated *\/\n!function(d,l){\"use strict\";l.querySelector&&d.addEventListener&&\"undefined\"!=typeof URL&&(d.wp=d.wp||{},d.wp.receiveEmbedMessage||(d.wp.receiveEmbedMessage=function(e){var t=e.data;if((t||t.secret||t.message||t.value)&&!\/[^a-zA-Z0-9]\/.test(t.secret)){for(var s,r,n,a=l.querySelectorAll('iframe[data-secret=\"'+t.secret+'\"]'),o=l.querySelectorAll('blockquote[data-secret=\"'+t.secret+'\"]'),c=new RegExp(\"^https?:$\",\"i\"),i=0;i<o.length;i++)o[i].style.display=\"none\";for(i=0;i<a.length;i++)s=a[i],e.source===s.contentWindow&&(s.removeAttribute(\"style\"),\"height\"===t.message?(1e3<(r=parseInt(t.value,10))?r=1e3:~~r<200&&(r=200),s.height=r):\"link\"===t.message&&(r=new URL(s.getAttribute(\"src\")),n=new URL(t.value),c.test(n.protocol))&&n.host===r.host&&l.activeElement===s&&(d.top.location.href=t.value))}},d.addEventListener(\"message\",d.wp.receiveEmbedMessage,!1),l.addEventListener(\"DOMContentLoaded\",function(){for(var e,t,s=l.querySelectorAll(\"iframe.wp-embedded-content\"),r=0;r<s.length;r++)(t=(e=s[r]).getAttribute(\"data-secret\"))||(t=Math.random().toString(36).substring(2,12),e.src+=\"#?secret=\"+t,e.setAttribute(\"data-secret\",t)),e.contentWindow.postMessage({message:\"ready\",secret:t},\"*\")},!1)))}(window,document);\n\/\/# sourceURL=https:\/\/portaltela.pt\/wp-includes\/js\/wp-embed.min.js\n\/* ]]> *\/\n<\/script>\n","thumbnail_url":"https:\/\/portaltela.pt\/s.01k8rhncp4jt1\/2026\/01\/unnamed-file-3564-768x432.jpg","thumbnail_width":600,"thumbnail_height":338,"description":"Um homem de 92 anos foi detido pela Guarda Nacional Republicana em Vila Nova de Foz C\u00f4a, distrito da Guarda, por suspeitas de viol\u00eancia dom\u00e9stica durante v\u00e1rios anos contra a companheira. Os factos ocorreram no interior da habita\u00e7\u00e3o do casal, na regi\u00e3o do Douro Interior, envolvendo agress\u00f5es f\u00edsicas e psicol\u00f3gicas. A den\u00fancia surgiu esta semana, quando a v\u00edtima pediu ajuda \u00e0s autoridades; o N\u00facleo de Investiga\u00e7\u00e3o e Apoio a V\u00edtimas Espec\u00edficas da GNR da Guarda reuniu fortes ind\u00edcios. O suspeito foi ouvido no Tribunal Judicial local, ficou em liberdade, mas com medidas de coa\u00e7\u00e3o rigorosas, designadamente a proibi\u00e7\u00e3o de contacto ou aproxima\u00e7\u00e3o \u00e0 v\u00edtima. A monitoriza\u00e7\u00e3o \u00e9 assegurada por vigil\u00e2ncia eletr\u00f3nica (pulseira); a v\u00edtima encontra-se acolhida na casa de uma filha, em local considerado seguro pelas autoridades."}

Detido aos 92 anos por décadas de violência doméstica - Portal Tela Portugal

<blockquote class="wp-embedded-content" data-secret="kUBusTJ6Kz"><a href="https://portaltela.pt/noticias/2026/01/17/detido-aos-92-anos-por-decadas-de-violencia-domestica/">Detido aos 92 anos por décadas de violência doméstica</a></blockquote><iframe sandbox="allow-scripts" security="restricted" src="https://portaltela.pt/noticias/2026/01/17/detido-aos-92-anos-por-decadas-de-violencia-domestica/embed/#?secret=kUBusTJ6Kz" width="600" height="338" title="&#8220;Detido aos 92 anos por décadas de violência doméstica&#8221; &#8212; Portal Tela Portugal" data-secret="kUBusTJ6Kz" frameborder="0" marginwidth="0" marginheight="0" scrolling="no" class="wp-embedded-content"></iframe><script type="text/javascript">
/* <![CDATA[ */
/*! This file is auto-generated */
!function(d,l){"use strict";l.querySelector&&d.addEventListener&&"undefined"!=typeof URL&&(d.wp=d.wp||{},d.wp.receiveEmbedMessage||(d.wp.receiveEmbedMessage=function(e){var t=e.data;if((t||t.secret||t.message||t.value)&&!/[^a-zA-Z0-9]/.test(t.secret)){for(var s,r,n,a=l.querySelectorAll('iframe[data-secret="'+t.secret+'"]'),o=l.querySelectorAll('blockquote[data-secret="'+t.secret+'"]'),c=new RegExp("^https?:$","i"),i=0;i<o.length;i++)o[i].style.display="none";for(i=0;i<a.length;i++)s=a[i],e.source===s.contentWindow&&(s.removeAttribute("style"),"height"===t.message?(1e3<(r=parseInt(t.value,10))?r=1e3:~~r<200&&(r=200),s.height=r):"link"===t.message&&(r=new URL(s.getAttribute("src")),n=new URL(t.value),c.test(n.protocol))&&n.host===r.host&&l.activeElement===s&&(d.top.location.href=t.value))}},d.addEventListener("message",d.wp.receiveEmbedMessage,!1),l.addEventListener("DOMContentLoaded",function(){for(var e,t,s=l.querySelectorAll("iframe.wp-embedded-content"),r=0;r<s.length;r++)(t=(e=s[r]).getAttribute("data-secret"))||(t=Math.random().toString(36).substring(2,12),e.src+="#?secret="+t,e.setAttribute("data-secret",t)),e.contentWindow.postMessage({message:"ready",secret:t},"*")},!1)))}(window,document);
//# sourceURL=https://portaltela.pt/wp-includes/js/wp-embed.min.js
/* ]]> */
</script>

Um homem de 92 anos foi detido pela Guarda Nacional Republicana em Vila Nova de Foz Côa, distrito da Guarda, por suspeitas de violência doméstica durante vários anos contra a companheira. Os factos ocorreram no interior da habitação do casal, na região do Douro Interior, envolvendo agressões físicas e psicológicas. A denúncia surgiu esta semana, quando a vítima pediu ajuda às autoridades; o Núcleo de Investigação e Apoio a Vítimas Específicas da GNR da Guarda reuniu fortes indícios. O suspeito foi ouvido no Tribunal Judicial local, ficou em liberdade, mas com medidas de coação rigorosas, designadamente a proibição de contacto ou aproximação à vítima. A monitorização é assegurada por vigilância eletrónica (pulseira); a vítima encontra-se acolhida na casa de uma filha, em local considerado seguro pelas autoridades.
