{"version":"1.0","provider_name":"Portal Tela Portugal","provider_url":"https:\/\/portaltela.pt","author_name":"Telinha","author_url":"https:\/\/portaltela.pt\/por\/367410592786\/","title":"ASAE e Nestl\u00e9 retiram do mercado f\u00f3rmulas contaminadas - Portal Tela Portugal","type":"rich","width":600,"height":338,"html":"<blockquote class=\"wp-embedded-content\" data-secret=\"CQ5kvcobvj\"><a href=\"https:\/\/portaltela.pt\/noticias\/2026\/01\/10\/asae-e-nestle-retiram-do-mercado-formulas-contaminadas\/\">ASAE e Nestl\u00e9 retiram do mercado f\u00f3rmulas contaminadas<\/a><\/blockquote><iframe sandbox=\"allow-scripts\" security=\"restricted\" src=\"https:\/\/portaltela.pt\/noticias\/2026\/01\/10\/asae-e-nestle-retiram-do-mercado-formulas-contaminadas\/embed\/#?secret=CQ5kvcobvj\" width=\"600\" height=\"338\" title=\"&#8220;ASAE e Nestl\u00e9 retiram do mercado f\u00f3rmulas contaminadas&#8221; &#8212; Portal Tela Portugal\" data-secret=\"CQ5kvcobvj\" frameborder=\"0\" marginwidth=\"0\" marginheight=\"0\" scrolling=\"no\" class=\"wp-embedded-content\"><\/iframe><script type=\"text\/javascript\">\n\/* <![CDATA[ *\/\n\/*! This file is auto-generated *\/\n!function(d,l){\"use strict\";l.querySelector&&d.addEventListener&&\"undefined\"!=typeof URL&&(d.wp=d.wp||{},d.wp.receiveEmbedMessage||(d.wp.receiveEmbedMessage=function(e){var t=e.data;if((t||t.secret||t.message||t.value)&&!\/[^a-zA-Z0-9]\/.test(t.secret)){for(var s,r,n,a=l.querySelectorAll('iframe[data-secret=\"'+t.secret+'\"]'),o=l.querySelectorAll('blockquote[data-secret=\"'+t.secret+'\"]'),c=new RegExp(\"^https?:$\",\"i\"),i=0;i<o.length;i++)o[i].style.display=\"none\";for(i=0;i<a.length;i++)s=a[i],e.source===s.contentWindow&&(s.removeAttribute(\"style\"),\"height\"===t.message?(1e3<(r=parseInt(t.value,10))?r=1e3:~~r<200&&(r=200),s.height=r):\"link\"===t.message&&(r=new URL(s.getAttribute(\"src\")),n=new URL(t.value),c.test(n.protocol))&&n.host===r.host&&l.activeElement===s&&(d.top.location.href=t.value))}},d.addEventListener(\"message\",d.wp.receiveEmbedMessage,!1),l.addEventListener(\"DOMContentLoaded\",function(){for(var e,t,s=l.querySelectorAll(\"iframe.wp-embedded-content\"),r=0;r<s.length;r++)(t=(e=s[r]).getAttribute(\"data-secret\"))||(t=Math.random().toString(36).substring(2,12),e.src+=\"#?secret=\"+t,e.setAttribute(\"data-secret\",t)),e.contentWindow.postMessage({message:\"ready\",secret:t},\"*\")},!1)))}(window,document);\n\/\/# sourceURL=https:\/\/portaltela.pt\/wp-includes\/js\/wp-embed.min.js\n\/* ]]> *\/\n<\/script>\n","thumbnail_url":"https:\/\/portaltela.pt\/s.01k8rhncp4jt1\/2026\/01\/unnamed-file-2058-768x432.jpg","thumbnail_width":600,"thumbnail_height":338,"description":"A ASAE informou uma retirada preventiva e volunt\u00e1ria de lotes espec\u00edficos de f\u00f3rmulas infantis NAN e Alfamino J\u00fanior, anunciada pela Nestl\u00e9 Portugal, devido \u00e0 presen\u00e7a potencial de cereulida (toxina da Bacillus cereus) encontrada numa mat\u00e9ria-prima. A medida \u00e9 preventiva e n\u00e3o houve registo de casos de doen\u00e7a at\u00e9 ao momento. Os produtos abrangidos pertencem \u00e0s gamas NAN (AR, Sem Lactose, TOTAL, OPTIPRO, SUPREMEPRO, PreNAN) e Alfamino J\u00fanior; a lista de lotes pode ser consultada no site da Nestl\u00e9. Os operadores econ\u00f3micos devem retirar os lotes afetados de venda, segreg\u00e1-los e contactar a Nestl\u00e9 para devolu\u00e7\u00e3o, conforme a legisla\u00e7\u00e3o em vigor; os consumidores devem verificar o lote e, se constar na lista, suspender o uso e pedir reembolso. A ASAE, em parceria com a DGAV, acompanha a retirada para garantir rastreabilidade e prote\u00e7\u00e3o da sa\u00fade p\u00fablica, seguindo as orienta\u00e7\u00f5es de comunica\u00e7\u00e3o de risco da EFSA."}

ASAE e Nestlé retiram do mercado fórmulas contaminadas - Portal Tela Portugal

<blockquote class="wp-embedded-content" data-secret="CQ5kvcobvj"><a href="https://portaltela.pt/noticias/2026/01/10/asae-e-nestle-retiram-do-mercado-formulas-contaminadas/">ASAE e Nestlé retiram do mercado fórmulas contaminadas</a></blockquote><iframe sandbox="allow-scripts" security="restricted" src="https://portaltela.pt/noticias/2026/01/10/asae-e-nestle-retiram-do-mercado-formulas-contaminadas/embed/#?secret=CQ5kvcobvj" width="600" height="338" title="&#8220;ASAE e Nestlé retiram do mercado fórmulas contaminadas&#8221; &#8212; Portal Tela Portugal" data-secret="CQ5kvcobvj" frameborder="0" marginwidth="0" marginheight="0" scrolling="no" class="wp-embedded-content"></iframe><script type="text/javascript">
/* <![CDATA[ */
/*! This file is auto-generated */
!function(d,l){"use strict";l.querySelector&&d.addEventListener&&"undefined"!=typeof URL&&(d.wp=d.wp||{},d.wp.receiveEmbedMessage||(d.wp.receiveEmbedMessage=function(e){var t=e.data;if((t||t.secret||t.message||t.value)&&!/[^a-zA-Z0-9]/.test(t.secret)){for(var s,r,n,a=l.querySelectorAll('iframe[data-secret="'+t.secret+'"]'),o=l.querySelectorAll('blockquote[data-secret="'+t.secret+'"]'),c=new RegExp("^https?:$","i"),i=0;i<o.length;i++)o[i].style.display="none";for(i=0;i<a.length;i++)s=a[i],e.source===s.contentWindow&&(s.removeAttribute("style"),"height"===t.message?(1e3<(r=parseInt(t.value,10))?r=1e3:~~r<200&&(r=200),s.height=r):"link"===t.message&&(r=new URL(s.getAttribute("src")),n=new URL(t.value),c.test(n.protocol))&&n.host===r.host&&l.activeElement===s&&(d.top.location.href=t.value))}},d.addEventListener("message",d.wp.receiveEmbedMessage,!1),l.addEventListener("DOMContentLoaded",function(){for(var e,t,s=l.querySelectorAll("iframe.wp-embedded-content"),r=0;r<s.length;r++)(t=(e=s[r]).getAttribute("data-secret"))||(t=Math.random().toString(36).substring(2,12),e.src+="#?secret="+t,e.setAttribute("data-secret",t)),e.contentWindow.postMessage({message:"ready",secret:t},"*")},!1)))}(window,document);
//# sourceURL=https://portaltela.pt/wp-includes/js/wp-embed.min.js
/* ]]> */
</script>

A ASAE informou uma retirada preventiva e voluntária de lotes específicos de fórmulas infantis NAN e Alfamino Júnior, anunciada pela Nestlé Portugal, devido à presença potencial de cereulida (toxina da Bacillus cereus) encontrada numa matéria-prima. A medida é preventiva e não houve registo de casos de doença até ao momento. Os produtos abrangidos pertencem às gamas NAN (AR, Sem Lactose, TOTAL, OPTIPRO, SUPREMEPRO, PreNAN) e Alfamino Júnior; a lista de lotes pode ser consultada no site da Nestlé. Os operadores económicos devem retirar os lotes afetados de venda, segregá-los e contactar a Nestlé para devolução, conforme a legislação em vigor; os consumidores devem verificar o lote e, se constar na lista, suspender o uso e pedir reembolso. A ASAE, em parceria com a DGAV, acompanha a retirada para garantir rastreabilidade e proteção da saúde pública, seguindo as orientações de comunicação de risco da EFSA.
