{"version":"1.0","provider_name":"Portal Tela Portugal","provider_url":"https:\/\/portaltela.pt","author_name":"Telinha","author_url":"https:\/\/portaltela.pt\/por\/367410592786\/","title":"Catarina Miranda critica Bruno de Carvalho - Portal Tela Portugal","type":"rich","width":600,"height":338,"html":"<blockquote class=\"wp-embedded-content\" data-secret=\"oH3oS707J8\"><a href=\"https:\/\/portaltela.pt\/noticias\/2026\/01\/05\/catarina-miranda-critica-bruno-de-carvalho\/\">Catarina Miranda critica Bruno de Carvalho<\/a><\/blockquote><iframe sandbox=\"allow-scripts\" security=\"restricted\" src=\"https:\/\/portaltela.pt\/noticias\/2026\/01\/05\/catarina-miranda-critica-bruno-de-carvalho\/embed\/#?secret=oH3oS707J8\" width=\"600\" height=\"338\" title=\"&#8220;Catarina Miranda critica Bruno de Carvalho&#8221; &#8212; Portal Tela Portugal\" data-secret=\"oH3oS707J8\" frameborder=\"0\" marginwidth=\"0\" marginheight=\"0\" scrolling=\"no\" class=\"wp-embedded-content\"><\/iframe><script type=\"text\/javascript\">\n\/* <![CDATA[ *\/\n\/*! This file is auto-generated *\/\n!function(d,l){\"use strict\";l.querySelector&&d.addEventListener&&\"undefined\"!=typeof URL&&(d.wp=d.wp||{},d.wp.receiveEmbedMessage||(d.wp.receiveEmbedMessage=function(e){var t=e.data;if((t||t.secret||t.message||t.value)&&!\/[^a-zA-Z0-9]\/.test(t.secret)){for(var s,r,n,a=l.querySelectorAll('iframe[data-secret=\"'+t.secret+'\"]'),o=l.querySelectorAll('blockquote[data-secret=\"'+t.secret+'\"]'),c=new RegExp(\"^https?:$\",\"i\"),i=0;i<o.length;i++)o[i].style.display=\"none\";for(i=0;i<a.length;i++)s=a[i],e.source===s.contentWindow&&(s.removeAttribute(\"style\"),\"height\"===t.message?(1e3<(r=parseInt(t.value,10))?r=1e3:~~r<200&&(r=200),s.height=r):\"link\"===t.message&&(r=new URL(s.getAttribute(\"src\")),n=new URL(t.value),c.test(n.protocol))&&n.host===r.host&&l.activeElement===s&&(d.top.location.href=t.value))}},d.addEventListener(\"message\",d.wp.receiveEmbedMessage,!1),l.addEventListener(\"DOMContentLoaded\",function(){for(var e,t,s=l.querySelectorAll(\"iframe.wp-embedded-content\"),r=0;r<s.length;r++)(t=(e=s[r]).getAttribute(\"data-secret\"))||(t=Math.random().toString(36).substring(2,12),e.src+=\"#?secret=\"+t,e.setAttribute(\"data-secret\",t)),e.contentWindow.postMessage({message:\"ready\",secret:t},\"*\")},!1)))}(window,document);\n\/\/# sourceURL=https:\/\/portaltela.pt\/wp-includes\/js\/wp-embed.min.js\n\/* ]]> *\/\n<\/script>\n","thumbnail_url":"https:\/\/portaltela.pt\/s.01k8rhncp4jt1\/2026\/01\/unnamed-file-867-768x432.jpg","thumbnail_width":600,"thumbnail_height":338,"description":"Bruno de Carvalho apresentou nos primeiros dias de 2026 uma queixa-crime contra Afonso Leit\u00e3o, alegando crimes de amea\u00e7a e cal\u00fania, tornadas p\u00fablicas atrav\u00e9s de v\u00eddeos nas redes sociais. Afonso Leit\u00e3o j\u00e1 reagiu, dizendo que Bruno de Carvalho mente. Catarina Miranda, namorada de Leit\u00e3o, criticou Bruno de Carvalho, dizendo que ele procura aten\u00e7\u00e3o e que deveria procurar ajuda, chegando a afirmar que ainda vai para um hosp\u00edcio. Catarina recordou a expuls\u00e3o de Bruno de Carvalho do programa Big Brother Ver\u00e3o, devido a agress\u00f5es a Leit\u00e3o. A pol\u00e9mica ganha contornos ap\u00f3s a participa\u00e7\u00e3o de ambos no reality show da TVI; at\u00e9 ao momento, Bruno de Carvalho n\u00e3o reagiu publicamente \u00e0s declara\u00e7\u00f5es de Catarina."}

Bruno de Carvalho apresentou nos primeiros dias de 2026 uma queixa-crime contra Afonso Leitão, alegando crimes de ameaça e calúnia, tornadas públicas através de vídeos nas redes sociais. Afonso Leitão já reagiu, dizendo que Bruno de Carvalho mente. Catarina Miranda, namorada de Leitão, criticou Bruno de Carvalho, dizendo que ele procura atenção e que deveria procurar ajuda, chegando a afirmar que ainda vai para um hospício. Catarina recordou a expulsão de Bruno de Carvalho do programa Big Brother Verão, devido a agressões a Leitão. A polémica ganha contornos após a participação de ambos no reality show da TVI; até ao momento, Bruno de Carvalho não reagiu publicamente às declarações de Catarina.
