{"version":"1.0","provider_name":"Portal Tela Portugal","provider_url":"https:\/\/portaltela.pt","author_name":"Telinha","author_url":"https:\/\/portaltela.pt\/por\/367410592786\/","title":"Viol\u00eancia contra profissionais de sa\u00fade cresce 33% - Portal Tela Portugal","type":"rich","width":600,"height":338,"html":"<blockquote class=\"wp-embedded-content\" data-secret=\"cqFjjgJDYF\"><a href=\"https:\/\/portaltela.pt\/saude\/2026\/04\/28\/violencia-contra-profissionais-de-saude-cresce-33\/\">Viol\u00eancia contra profissionais de sa\u00fade cresce 33%<\/a><\/blockquote><iframe sandbox=\"allow-scripts\" security=\"restricted\" src=\"https:\/\/portaltela.pt\/saude\/2026\/04\/28\/violencia-contra-profissionais-de-saude-cresce-33\/embed\/#?secret=cqFjjgJDYF\" width=\"600\" height=\"338\" title=\"&#8220;Viol\u00eancia contra profissionais de sa\u00fade cresce 33%&#8221; &#8212; Portal Tela Portugal\" data-secret=\"cqFjjgJDYF\" frameborder=\"0\" marginwidth=\"0\" marginheight=\"0\" scrolling=\"no\" class=\"wp-embedded-content\"><\/iframe><script type=\"text\/javascript\">\n\/* <![CDATA[ *\/\n\/*! This file is auto-generated *\/\n!function(d,l){\"use strict\";l.querySelector&&d.addEventListener&&\"undefined\"!=typeof URL&&(d.wp=d.wp||{},d.wp.receiveEmbedMessage||(d.wp.receiveEmbedMessage=function(e){var t=e.data;if((t||t.secret||t.message||t.value)&&!\/[^a-zA-Z0-9]\/.test(t.secret)){for(var s,r,n,a=l.querySelectorAll('iframe[data-secret=\"'+t.secret+'\"]'),o=l.querySelectorAll('blockquote[data-secret=\"'+t.secret+'\"]'),c=new RegExp(\"^https?:$\",\"i\"),i=0;i<o.length;i++)o[i].style.display=\"none\";for(i=0;i<a.length;i++)s=a[i],e.source===s.contentWindow&&(s.removeAttribute(\"style\"),\"height\"===t.message?(1e3<(r=parseInt(t.value,10))?r=1e3:~~r<200&&(r=200),s.height=r):\"link\"===t.message&&(r=new URL(s.getAttribute(\"src\")),n=new URL(t.value),c.test(n.protocol))&&n.host===r.host&&l.activeElement===s&&(d.top.location.href=t.value))}},d.addEventListener(\"message\",d.wp.receiveEmbedMessage,!1),l.addEventListener(\"DOMContentLoaded\",function(){for(var e,t,s=l.querySelectorAll(\"iframe.wp-embedded-content\"),r=0;r<s.length;r++)(t=(e=s[r]).getAttribute(\"data-secret\"))||(t=Math.random().toString(36).substring(2,12),e.src+=\"#?secret=\"+t,e.setAttribute(\"data-secret\",t)),e.contentWindow.postMessage({message:\"ready\",secret:t},\"*\")},!1)))}(window,document);\n\/\/# sourceURL=https:\/\/portaltela.pt\/wp-includes\/js\/wp-embed.min.js\n\/* ]]> *\/\n<\/script>\n","thumbnail_url":"https:\/\/portaltela.pt\/s.01k8rhncp4jt1\/2026\/04\/img_1500x1000uu2018-02-10-23-44-00-708652-768x432.jpg","thumbnail_width":600,"thumbnail_height":338,"description":"Em 2025, profissionais do SNS reportaram 3.429 epis\u00f3dios de viol\u00eancia, mais 33 por cento do que em 2024, incluindo 2.067 casos de viol\u00eancia psicol\u00f3gica e 730 de viol\u00eancia f\u00edsica. As situa\u00e7\u00f5es de viol\u00eancia originaram 2.012 dias de aus\u00eancia ao trabalho, com aumentos face a 2024: mais 848 epis\u00f3dios, incluindo +364 de viol\u00eancia psicol\u00f3gica, +152 agress\u00f5es f\u00edsicas e +147 de ass\u00e9dio moral. A DGS afirma que os profissionais s\u00e3o incentivados a reportar ocorr\u00eancias numa plataforma dedicada, para melhorar o conhecimento da realidade. Durante 2025 foram realizadas 596 a\u00e7\u00f5es de forma\u00e7\u00e3o, envolvendo 12.752 profissionais do SNS, promovidas por diversas entidades ligadas \u00e0 sa\u00fade e seguran\u00e7a. A Entidade Reguladora da Sa\u00fade reportou 91.553 reclama\u00e7\u00f5es em 2025, mais 4,4% que no ano anterior, com mais de 60 mil relativas a prestadores do SNS; entre as entidades mais visadas est\u00e3o a ULS S\u00e3o Jos\u00e9 e a ULS Amadora-Sintra."}

Violência contra profissionais de saúde cresce 33% - Portal Tela Portugal

<blockquote class="wp-embedded-content" data-secret="cqFjjgJDYF"><a href="https://portaltela.pt/saude/2026/04/28/violencia-contra-profissionais-de-saude-cresce-33/">Violência contra profissionais de saúde cresce 33%</a></blockquote><iframe sandbox="allow-scripts" security="restricted" src="https://portaltela.pt/saude/2026/04/28/violencia-contra-profissionais-de-saude-cresce-33/embed/#?secret=cqFjjgJDYF" width="600" height="338" title="&#8220;Violência contra profissionais de saúde cresce 33%&#8221; &#8212; Portal Tela Portugal" data-secret="cqFjjgJDYF" frameborder="0" marginwidth="0" marginheight="0" scrolling="no" class="wp-embedded-content"></iframe><script type="text/javascript">
/* <![CDATA[ */
/*! This file is auto-generated */
!function(d,l){"use strict";l.querySelector&&d.addEventListener&&"undefined"!=typeof URL&&(d.wp=d.wp||{},d.wp.receiveEmbedMessage||(d.wp.receiveEmbedMessage=function(e){var t=e.data;if((t||t.secret||t.message||t.value)&&!/[^a-zA-Z0-9]/.test(t.secret)){for(var s,r,n,a=l.querySelectorAll('iframe[data-secret="'+t.secret+'"]'),o=l.querySelectorAll('blockquote[data-secret="'+t.secret+'"]'),c=new RegExp("^https?:$","i"),i=0;i<o.length;i++)o[i].style.display="none";for(i=0;i<a.length;i++)s=a[i],e.source===s.contentWindow&&(s.removeAttribute("style"),"height"===t.message?(1e3<(r=parseInt(t.value,10))?r=1e3:~~r<200&&(r=200),s.height=r):"link"===t.message&&(r=new URL(s.getAttribute("src")),n=new URL(t.value),c.test(n.protocol))&&n.host===r.host&&l.activeElement===s&&(d.top.location.href=t.value))}},d.addEventListener("message",d.wp.receiveEmbedMessage,!1),l.addEventListener("DOMContentLoaded",function(){for(var e,t,s=l.querySelectorAll("iframe.wp-embedded-content"),r=0;r<s.length;r++)(t=(e=s[r]).getAttribute("data-secret"))||(t=Math.random().toString(36).substring(2,12),e.src+="#?secret="+t,e.setAttribute("data-secret",t)),e.contentWindow.postMessage({message:"ready",secret:t},"*")},!1)))}(window,document);
//# sourceURL=https://portaltela.pt/wp-includes/js/wp-embed.min.js
/* ]]> */
</script>

Em 2025, profissionais do SNS reportaram 3.429 episódios de violência, mais 33 por cento do que em 2024, incluindo 2.067 casos de violência psicológica e 730 de violência física. As situações de violência originaram 2.012 dias de ausência ao trabalho, com aumentos face a 2024: mais 848 episódios, incluindo +364 de violência psicológica, +152 agressões físicas e +147 de assédio moral. A DGS afirma que os profissionais são incentivados a reportar ocorrências numa plataforma dedicada, para melhorar o conhecimento da realidade. Durante 2025 foram realizadas 596 ações de formação, envolvendo 12.752 profissionais do SNS, promovidas por diversas entidades ligadas à saúde e segurança. A Entidade Reguladora da Saúde reportou 91.553 reclamações em 2025, mais 4,4% que no ano anterior, com mais de 60 mil relativas a prestadores do SNS; entre as entidades mais visadas estão a ULS São José e a ULS Amadora-Sintra.
