{"version":"1.0","provider_name":"Portal Tela Portugal","provider_url":"https:\/\/portaltela.pt","author_name":"Telinha","author_url":"https:\/\/portaltela.pt\/por\/367410592786\/","title":"Renato Seabra quer quebrar sil\u00eancio em tribunal - Portal Tela Portugal","type":"rich","width":600,"height":338,"html":"<blockquote class=\"wp-embedded-content\" data-secret=\"LNHUp3x6ag\"><a href=\"https:\/\/portaltela.pt\/justica\/2026\/04\/30\/renato-seabra-quer-quebrar-silencio-em-tribunal\/\">Renato Seabra quer quebrar sil\u00eancio em tribunal<\/a><\/blockquote><iframe sandbox=\"allow-scripts\" security=\"restricted\" src=\"https:\/\/portaltela.pt\/justica\/2026\/04\/30\/renato-seabra-quer-quebrar-silencio-em-tribunal\/embed\/#?secret=LNHUp3x6ag\" width=\"600\" height=\"338\" title=\"&#8220;Renato Seabra quer quebrar sil\u00eancio em tribunal&#8221; &#8212; Portal Tela Portugal\" data-secret=\"LNHUp3x6ag\" frameborder=\"0\" marginwidth=\"0\" marginheight=\"0\" scrolling=\"no\" class=\"wp-embedded-content\"><\/iframe><script type=\"text\/javascript\">\n\/* <![CDATA[ *\/\n\/*! This file is auto-generated *\/\n!function(d,l){\"use strict\";l.querySelector&&d.addEventListener&&\"undefined\"!=typeof URL&&(d.wp=d.wp||{},d.wp.receiveEmbedMessage||(d.wp.receiveEmbedMessage=function(e){var t=e.data;if((t||t.secret||t.message||t.value)&&!\/[^a-zA-Z0-9]\/.test(t.secret)){for(var s,r,n,a=l.querySelectorAll('iframe[data-secret=\"'+t.secret+'\"]'),o=l.querySelectorAll('blockquote[data-secret=\"'+t.secret+'\"]'),c=new RegExp(\"^https?:$\",\"i\"),i=0;i<o.length;i++)o[i].style.display=\"none\";for(i=0;i<a.length;i++)s=a[i],e.source===s.contentWindow&&(s.removeAttribute(\"style\"),\"height\"===t.message?(1e3<(r=parseInt(t.value,10))?r=1e3:~~r<200&&(r=200),s.height=r):\"link\"===t.message&&(r=new URL(s.getAttribute(\"src\")),n=new URL(t.value),c.test(n.protocol))&&n.host===r.host&&l.activeElement===s&&(d.top.location.href=t.value))}},d.addEventListener(\"message\",d.wp.receiveEmbedMessage,!1),l.addEventListener(\"DOMContentLoaded\",function(){for(var e,t,s=l.querySelectorAll(\"iframe.wp-embedded-content\"),r=0;r<s.length;r++)(t=(e=s[r]).getAttribute(\"data-secret\"))||(t=Math.random().toString(36).substring(2,12),e.src+=\"#?secret=\"+t,e.setAttribute(\"data-secret\",t)),e.contentWindow.postMessage({message:\"ready\",secret:t},\"*\")},!1)))}(window,document);\n\/\/# sourceURL=https:\/\/portaltela.pt\/wp-includes\/js\/wp-embed.min.js\n\/* ]]> *\/\n<\/script>\n","thumbnail_url":"https:\/\/portaltela.pt\/s.01k8rhncp4jt1\/2026\/04\/img_1500x1000uu2026-05-01-01-32-23-2260833-768x432.jpg","thumbnail_width":600,"thumbnail_height":338,"description":"O defesa de Renato Seabra apresentou um recurso visando anular a condena\u00e7\u00e3o de 200? (h\u00e1 quinze anos) pela morte de Carlos Castro, com pena que pode ir dos 25 anos \u00e0 pris\u00e3o perp\u00e9tua. O novo advogado, Scott B. Tulman, afirma que o arguido est\u00e1 a trabalhar para anular a condena\u00e7\u00e3o e a defesa anterior falhou. A not\u00edcia do Observador aponta que Tulman entrou com o recurso e que Seabra tem tentado falar para justificar o pedido de anulamento. A CMTV prepara uma reportagem sobre o crime, incluindo \u00e1udios in\u00e9ditos que impulsionaram a investiga\u00e7\u00e3o, com a fotografia de Seabra difundida pela televis\u00e3o. No hospital, ap\u00f3s o crime, Seabra foi interrogado, internado na ala psiqui\u00e1trica e sedado; no interrogat\u00f3rio inicial manteve sil\u00eancio, mas agora procura falar para justificar a contesta\u00e7\u00e3o da pena."}

Renato Seabra quer quebrar silêncio em tribunal - Portal Tela Portugal

<blockquote class="wp-embedded-content" data-secret="LNHUp3x6ag"><a href="https://portaltela.pt/justica/2026/04/30/renato-seabra-quer-quebrar-silencio-em-tribunal/">Renato Seabra quer quebrar silêncio em tribunal</a></blockquote><iframe sandbox="allow-scripts" security="restricted" src="https://portaltela.pt/justica/2026/04/30/renato-seabra-quer-quebrar-silencio-em-tribunal/embed/#?secret=LNHUp3x6ag" width="600" height="338" title="&#8220;Renato Seabra quer quebrar silêncio em tribunal&#8221; &#8212; Portal Tela Portugal" data-secret="LNHUp3x6ag" frameborder="0" marginwidth="0" marginheight="0" scrolling="no" class="wp-embedded-content"></iframe><script type="text/javascript">
/* <![CDATA[ */
/*! This file is auto-generated */
!function(d,l){"use strict";l.querySelector&&d.addEventListener&&"undefined"!=typeof URL&&(d.wp=d.wp||{},d.wp.receiveEmbedMessage||(d.wp.receiveEmbedMessage=function(e){var t=e.data;if((t||t.secret||t.message||t.value)&&!/[^a-zA-Z0-9]/.test(t.secret)){for(var s,r,n,a=l.querySelectorAll('iframe[data-secret="'+t.secret+'"]'),o=l.querySelectorAll('blockquote[data-secret="'+t.secret+'"]'),c=new RegExp("^https?:$","i"),i=0;i<o.length;i++)o[i].style.display="none";for(i=0;i<a.length;i++)s=a[i],e.source===s.contentWindow&&(s.removeAttribute("style"),"height"===t.message?(1e3<(r=parseInt(t.value,10))?r=1e3:~~r<200&&(r=200),s.height=r):"link"===t.message&&(r=new URL(s.getAttribute("src")),n=new URL(t.value),c.test(n.protocol))&&n.host===r.host&&l.activeElement===s&&(d.top.location.href=t.value))}},d.addEventListener("message",d.wp.receiveEmbedMessage,!1),l.addEventListener("DOMContentLoaded",function(){for(var e,t,s=l.querySelectorAll("iframe.wp-embedded-content"),r=0;r<s.length;r++)(t=(e=s[r]).getAttribute("data-secret"))||(t=Math.random().toString(36).substring(2,12),e.src+="#?secret="+t,e.setAttribute("data-secret",t)),e.contentWindow.postMessage({message:"ready",secret:t},"*")},!1)))}(window,document);
//# sourceURL=https://portaltela.pt/wp-includes/js/wp-embed.min.js
/* ]]> */
</script>

O defesa de Renato Seabra apresentou um recurso visando anular a condenação de 200? (há quinze anos) pela morte de Carlos Castro, com pena que pode ir dos 25 anos à prisão perpétua. O novo advogado, Scott B. Tulman, afirma que o arguido está a trabalhar para anular a condenação e a defesa anterior falhou. A notícia do Observador aponta que Tulman entrou com o recurso e que Seabra tem tentado falar para justificar o pedido de anulamento. A CMTV prepara uma reportagem sobre o crime, incluindo áudios inéditos que impulsionaram a investigação, com a fotografia de Seabra difundida pela televisão. No hospital, após o crime, Seabra foi interrogado, internado na ala psiquiátrica e sedado; no interrogatório inicial manteve silêncio, mas agora procura falar para justificar a contestação da pena.
