{"version":"1.0","provider_name":"Portal Tela Portugal","provider_url":"https:\/\/portaltela.pt","author_name":"Telinha","author_url":"https:\/\/portaltela.pt\/por\/367410592786\/","title":"Seguro, Montenegro e Marcelo no Braga, Friburgo - Portal Tela Portugal","type":"rich","width":600,"height":338,"html":"<blockquote class=\"wp-embedded-content\" data-secret=\"V4AHm6EL9t\"><a href=\"https:\/\/portaltela.pt\/desporto\/futebol\/2026\/04\/30\/seguro-montenegro-e-marcelo-no-braga-friburgo\/\">Seguro, Montenegro e Marcelo no Braga, Friburgo<\/a><\/blockquote><iframe sandbox=\"allow-scripts\" security=\"restricted\" src=\"https:\/\/portaltela.pt\/desporto\/futebol\/2026\/04\/30\/seguro-montenegro-e-marcelo-no-braga-friburgo\/embed\/#?secret=V4AHm6EL9t\" width=\"600\" height=\"338\" title=\"&#8220;Seguro, Montenegro e Marcelo no Braga, Friburgo&#8221; &#8212; Portal Tela Portugal\" data-secret=\"V4AHm6EL9t\" frameborder=\"0\" marginwidth=\"0\" marginheight=\"0\" scrolling=\"no\" class=\"wp-embedded-content\"><\/iframe><script type=\"text\/javascript\">\n\/* <![CDATA[ *\/\n\/*! This file is auto-generated *\/\n!function(d,l){\"use strict\";l.querySelector&&d.addEventListener&&\"undefined\"!=typeof URL&&(d.wp=d.wp||{},d.wp.receiveEmbedMessage||(d.wp.receiveEmbedMessage=function(e){var t=e.data;if((t||t.secret||t.message||t.value)&&!\/[^a-zA-Z0-9]\/.test(t.secret)){for(var s,r,n,a=l.querySelectorAll('iframe[data-secret=\"'+t.secret+'\"]'),o=l.querySelectorAll('blockquote[data-secret=\"'+t.secret+'\"]'),c=new RegExp(\"^https?:$\",\"i\"),i=0;i<o.length;i++)o[i].style.display=\"none\";for(i=0;i<a.length;i++)s=a[i],e.source===s.contentWindow&&(s.removeAttribute(\"style\"),\"height\"===t.message?(1e3<(r=parseInt(t.value,10))?r=1e3:~~r<200&&(r=200),s.height=r):\"link\"===t.message&&(r=new URL(s.getAttribute(\"src\")),n=new URL(t.value),c.test(n.protocol))&&n.host===r.host&&l.activeElement===s&&(d.top.location.href=t.value))}},d.addEventListener(\"message\",d.wp.receiveEmbedMessage,!1),l.addEventListener(\"DOMContentLoaded\",function(){for(var e,t,s=l.querySelectorAll(\"iframe.wp-embedded-content\"),r=0;r<s.length;r++)(t=(e=s[r]).getAttribute(\"data-secret\"))||(t=Math.random().toString(36).substring(2,12),e.src+=\"#?secret=\"+t,e.setAttribute(\"data-secret\",t)),e.contentWindow.postMessage({message:\"ready\",secret:t},\"*\")},!1)))}(window,document);\n\/\/# sourceURL=https:\/\/portaltela.pt\/wp-includes\/js\/wp-embed.min.js\n\/* ]]> *\/\n<\/script>\n","thumbnail_url":"https:\/\/portaltela.pt\/s.01k8rhncp4jt1\/2026\/04\/image-115-768x579.webp","thumbnail_width":600,"thumbnail_height":452,"description":"O presidente da Rep\u00fablica, Ant\u00f3nio Jos\u00e9 Seguro, o primeiro-ministro, Lu\u00eds Montenegro, e o anterior chefe de Estado, Marcelo Rebelo de Sousa, assistiram \u00e0 meia-final da Liga Europa entre Braga e Friburgo, em Braga. Seguro participou pela primeira vez num evento desportivo ao vivo desde a sua elei\u00e7\u00e3o, em 8 de fevereiro. Marcelo Rebelo de Sousa apoiou o Braga e manteve conversa com o l\u00edder do clube, Ant\u00f3nio Salvador, e com o treinador Carlos Vicens. A ministra da Cultura, Juventude e Desporto, Margarida Balseiro Lopes, e o secret\u00e1rio de Estado do Desporto, Pedro Dias, tamb\u00e9m estiveram presentes no Municipal de Braga. O encontro foi descrito como um momento de apoio ao clube minhoto na partida da meia-final da competi\u00e7\u00e3o europeia."}

O presidente da República, António José Seguro, o primeiro-ministro, Luís Montenegro, e o anterior chefe de Estado, Marcelo Rebelo de Sousa, assistiram à meia-final da Liga Europa entre Braga e Friburgo, em Braga. Seguro participou pela primeira vez num evento desportivo ao vivo desde a sua eleição, em 8 de fevereiro. Marcelo Rebelo de Sousa apoiou o Braga e manteve conversa com o líder do clube, António Salvador, e com o treinador Carlos Vicens. A ministra da Cultura, Juventude e Desporto, Margarida Balseiro Lopes, e o secretário de Estado do Desporto, Pedro Dias, também estiveram presentes no Municipal de Braga. O encontro foi descrito como um momento de apoio ao clube minhoto na partida da meia-final da competição europeia.
