{"version":"1.0","provider_name":"Portal Tela Portugal","provider_url":"https:\/\/portaltela.pt","author_name":"Telinha","author_url":"https:\/\/portaltela.pt\/por\/367410592786\/","title":"Klopp regressa a Anfield e antev\u00ea dia emotivo - Portal Tela Portugal","type":"rich","width":600,"height":338,"html":"<blockquote class=\"wp-embedded-content\" data-secret=\"pLxmJEvTjk\"><a href=\"https:\/\/portaltela.pt\/desporto\/futebol\/2026\/03\/23\/klopp-regressa-a-anfield-e-anteve-dia-emotivo\/\">Klopp regressa a Anfield e antev\u00ea dia emotivo<\/a><\/blockquote><iframe sandbox=\"allow-scripts\" security=\"restricted\" src=\"https:\/\/portaltela.pt\/desporto\/futebol\/2026\/03\/23\/klopp-regressa-a-anfield-e-anteve-dia-emotivo\/embed\/#?secret=pLxmJEvTjk\" width=\"600\" height=\"338\" title=\"&#8220;Klopp regressa a Anfield e antev\u00ea dia emotivo&#8221; &#8212; Portal Tela Portugal\" data-secret=\"pLxmJEvTjk\" frameborder=\"0\" marginwidth=\"0\" marginheight=\"0\" scrolling=\"no\" class=\"wp-embedded-content\"><\/iframe><script type=\"text\/javascript\">\n\/* <![CDATA[ *\/\n\/*! This file is auto-generated *\/\n!function(d,l){\"use strict\";l.querySelector&&d.addEventListener&&\"undefined\"!=typeof URL&&(d.wp=d.wp||{},d.wp.receiveEmbedMessage||(d.wp.receiveEmbedMessage=function(e){var t=e.data;if((t||t.secret||t.message||t.value)&&!\/[^a-zA-Z0-9]\/.test(t.secret)){for(var s,r,n,a=l.querySelectorAll('iframe[data-secret=\"'+t.secret+'\"]'),o=l.querySelectorAll('blockquote[data-secret=\"'+t.secret+'\"]'),c=new RegExp(\"^https?:$\",\"i\"),i=0;i<o.length;i++)o[i].style.display=\"none\";for(i=0;i<a.length;i++)s=a[i],e.source===s.contentWindow&&(s.removeAttribute(\"style\"),\"height\"===t.message?(1e3<(r=parseInt(t.value,10))?r=1e3:~~r<200&&(r=200),s.height=r):\"link\"===t.message&&(r=new URL(s.getAttribute(\"src\")),n=new URL(t.value),c.test(n.protocol))&&n.host===r.host&&l.activeElement===s&&(d.top.location.href=t.value))}},d.addEventListener(\"message\",d.wp.receiveEmbedMessage,!1),l.addEventListener(\"DOMContentLoaded\",function(){for(var e,t,s=l.querySelectorAll(\"iframe.wp-embedded-content\"),r=0;r<s.length;r++)(t=(e=s[r]).getAttribute(\"data-secret\"))||(t=Math.random().toString(36).substring(2,12),e.src+=\"#?secret=\"+t,e.setAttribute(\"data-secret\",t)),e.contentWindow.postMessage({message:\"ready\",secret:t},\"*\")},!1)))}(window,document);\n\/\/# sourceURL=https:\/\/portaltela.pt\/wp-includes\/js\/wp-embed.min.js\n\/* ]]> *\/\n<\/script>\n","thumbnail_url":"https:\/\/portaltela.pt\/s.01k8rhncp4jt1\/2026\/03\/img_920x518uu2026-03-23-15-27-31-2428899-768x432.jpg","thumbnail_width":600,"thumbnail_height":338,"description":"J\u00fcrgen Klopp vai regressar a Anfield no s\u00e1bado, 28 de mar\u00e7o, quase dois anos depois de deixar o Liverpool. Vai orientar a equipa de lendas dos Reds, ao lado de Kenny Dalglish, num jogo frente \u00e0s lendas do Borussia Dortmund. Klopp \u00e9, atualmente, diretor global de futebol do grupo Red Bull e disse estar emocional ao voltar \u00e0 casa onde esteve nove anos. Disse que \u00e9 embaixador da LFC Foundation e que o regresso \u00e9 especial para ele, para a funda\u00e7\u00e3o e para todos os envolvidos. O reencontro ocorre numa fase em que o seu substituto, Arne Slot, atravessa um per\u00edodo irregular e h\u00e1 especula\u00e7\u00e3o sobre o futuro, apesar de ter ganho a Premier League na \u00faltima temporada."}

Klopp regressa a Anfield e antevê dia emotivo - Portal Tela Portugal

<blockquote class="wp-embedded-content" data-secret="pLxmJEvTjk"><a href="https://portaltela.pt/desporto/futebol/2026/03/23/klopp-regressa-a-anfield-e-anteve-dia-emotivo/">Klopp regressa a Anfield e antevê dia emotivo</a></blockquote><iframe sandbox="allow-scripts" security="restricted" src="https://portaltela.pt/desporto/futebol/2026/03/23/klopp-regressa-a-anfield-e-anteve-dia-emotivo/embed/#?secret=pLxmJEvTjk" width="600" height="338" title="&#8220;Klopp regressa a Anfield e antevê dia emotivo&#8221; &#8212; Portal Tela Portugal" data-secret="pLxmJEvTjk" frameborder="0" marginwidth="0" marginheight="0" scrolling="no" class="wp-embedded-content"></iframe><script type="text/javascript">
/* <![CDATA[ */
/*! This file is auto-generated */
!function(d,l){"use strict";l.querySelector&&d.addEventListener&&"undefined"!=typeof URL&&(d.wp=d.wp||{},d.wp.receiveEmbedMessage||(d.wp.receiveEmbedMessage=function(e){var t=e.data;if((t||t.secret||t.message||t.value)&&!/[^a-zA-Z0-9]/.test(t.secret)){for(var s,r,n,a=l.querySelectorAll('iframe[data-secret="'+t.secret+'"]'),o=l.querySelectorAll('blockquote[data-secret="'+t.secret+'"]'),c=new RegExp("^https?:$","i"),i=0;i<o.length;i++)o[i].style.display="none";for(i=0;i<a.length;i++)s=a[i],e.source===s.contentWindow&&(s.removeAttribute("style"),"height"===t.message?(1e3<(r=parseInt(t.value,10))?r=1e3:~~r<200&&(r=200),s.height=r):"link"===t.message&&(r=new URL(s.getAttribute("src")),n=new URL(t.value),c.test(n.protocol))&&n.host===r.host&&l.activeElement===s&&(d.top.location.href=t.value))}},d.addEventListener("message",d.wp.receiveEmbedMessage,!1),l.addEventListener("DOMContentLoaded",function(){for(var e,t,s=l.querySelectorAll("iframe.wp-embedded-content"),r=0;r<s.length;r++)(t=(e=s[r]).getAttribute("data-secret"))||(t=Math.random().toString(36).substring(2,12),e.src+="#?secret="+t,e.setAttribute("data-secret",t)),e.contentWindow.postMessage({message:"ready",secret:t},"*")},!1)))}(window,document);
//# sourceURL=https://portaltela.pt/wp-includes/js/wp-embed.min.js
/* ]]> */
</script>

Jürgen Klopp vai regressar a Anfield no sábado, 28 de março, quase dois anos depois de deixar o Liverpool. Vai orientar a equipa de lendas dos Reds, ao lado de Kenny Dalglish, num jogo frente às lendas do Borussia Dortmund. Klopp é, atualmente, diretor global de futebol do grupo Red Bull e disse estar emocional ao voltar à casa onde esteve nove anos. Disse que é embaixador da LFC Foundation e que o regresso é especial para ele, para a fundação e para todos os envolvidos. O reencontro ocorre numa fase em que o seu substituto, Arne Slot, atravessa um período irregular e há especulação sobre o futuro, apesar de ter ganho a Premier League na última temporada.
