{"version":"1.0","provider_name":"Portal Tela Portugal","provider_url":"https:\/\/portaltela.pt","author_name":"Telinha","author_url":"https:\/\/portaltela.pt\/por\/367410592786\/","title":"Alan Nu\u00f1ez pode assumir titularidade no Rio Ave - Portal Tela Portugal","type":"rich","width":600,"height":338,"html":"<blockquote class=\"wp-embedded-content\" data-secret=\"5reoPkWFXV\"><a href=\"https:\/\/portaltela.pt\/desporto\/futebol\/2026\/01\/22\/alan-nunez-pode-assumir-titularidade-no-rio-ave\/\">Alan Nu\u00f1ez pode assumir titularidade no Rio Ave<\/a><\/blockquote><iframe sandbox=\"allow-scripts\" security=\"restricted\" src=\"https:\/\/portaltela.pt\/desporto\/futebol\/2026\/01\/22\/alan-nunez-pode-assumir-titularidade-no-rio-ave\/embed\/#?secret=5reoPkWFXV\" width=\"600\" height=\"338\" title=\"&#8220;Alan Nu\u00f1ez pode assumir titularidade no Rio Ave&#8221; &#8212; Portal Tela Portugal\" data-secret=\"5reoPkWFXV\" frameborder=\"0\" marginwidth=\"0\" marginheight=\"0\" scrolling=\"no\" class=\"wp-embedded-content\"><\/iframe><script type=\"text\/javascript\">\n\/* <![CDATA[ *\/\n\/*! This file is auto-generated *\/\n!function(d,l){\"use strict\";l.querySelector&&d.addEventListener&&\"undefined\"!=typeof URL&&(d.wp=d.wp||{},d.wp.receiveEmbedMessage||(d.wp.receiveEmbedMessage=function(e){var t=e.data;if((t||t.secret||t.message||t.value)&&!\/[^a-zA-Z0-9]\/.test(t.secret)){for(var s,r,n,a=l.querySelectorAll('iframe[data-secret=\"'+t.secret+'\"]'),o=l.querySelectorAll('blockquote[data-secret=\"'+t.secret+'\"]'),c=new RegExp(\"^https?:$\",\"i\"),i=0;i<o.length;i++)o[i].style.display=\"none\";for(i=0;i<a.length;i++)s=a[i],e.source===s.contentWindow&&(s.removeAttribute(\"style\"),\"height\"===t.message?(1e3<(r=parseInt(t.value,10))?r=1e3:~~r<200&&(r=200),s.height=r):\"link\"===t.message&&(r=new URL(s.getAttribute(\"src\")),n=new URL(t.value),c.test(n.protocol))&&n.host===r.host&&l.activeElement===s&&(d.top.location.href=t.value))}},d.addEventListener(\"message\",d.wp.receiveEmbedMessage,!1),l.addEventListener(\"DOMContentLoaded\",function(){for(var e,t,s=l.querySelectorAll(\"iframe.wp-embedded-content\"),r=0;r<s.length;r++)(t=(e=s[r]).getAttribute(\"data-secret\"))||(t=Math.random().toString(36).substring(2,12),e.src+=\"#?secret=\"+t,e.setAttribute(\"data-secret\",t)),e.contentWindow.postMessage({message:\"ready\",secret:t},\"*\")},!1)))}(window,document);\n\/\/# sourceURL=https:\/\/portaltela.pt\/wp-includes\/js\/wp-embed.min.js\n\/* ]]> *\/\n<\/script>\n","thumbnail_url":"https:\/\/portaltela.pt\/s.01k8rhncp4jt1\/2026\/01\/img_920x518uu2026-01-22-19-11-37-2416648-768x432.jpg","thumbnail_width":600,"thumbnail_height":338,"description":"Nacional recebe o Rio Ave no domingo, \u00e0s 15h30, no Est\u00e1dio da Madeira, na 19.\u00aa jornada da Liga Portugal Betclic. A aus\u00eancia de Jo\u00e3o Aur\u00e9lio e Lenny Vallier deixa Tiago Margarido sem dois titulares, com a possibilidade de Alan Nu\u00f1ez, lateral paraguaio de 21 anos, surgir como op\u00e7\u00e3o titular. Deivison pode manter-se como alternativa para o lado direito, ap\u00f3s ter sido utilizado recentemente em lugar diferente, sendo que frente ao Santa Clara ocupou a posi\u00e7\u00e3o depois da les\u00e3o de Aur\u00e9lio. Ulisses Wilson, Filipe Soares e Ivanildo Fernandes continuam no departamento m\u00e9dico; a reintegra\u00e7\u00e3o deve ocorrer em breve, por\u00e9m condicionada. Os treinos ocorreram na Camacha e seguem amanh\u00e3 no Campo Centen\u00e1rio; o alinhamento da equipa fica definido no s\u00e1bado, ap\u00f3s o derradeiro treino no Est\u00e1dio da Madeira."}

Alan Nuñez pode assumir titularidade no Rio Ave - Portal Tela Portugal

<blockquote class="wp-embedded-content" data-secret="5reoPkWFXV"><a href="https://portaltela.pt/desporto/futebol/2026/01/22/alan-nunez-pode-assumir-titularidade-no-rio-ave/">Alan Nuñez pode assumir titularidade no Rio Ave</a></blockquote><iframe sandbox="allow-scripts" security="restricted" src="https://portaltela.pt/desporto/futebol/2026/01/22/alan-nunez-pode-assumir-titularidade-no-rio-ave/embed/#?secret=5reoPkWFXV" width="600" height="338" title="&#8220;Alan Nuñez pode assumir titularidade no Rio Ave&#8221; &#8212; Portal Tela Portugal" data-secret="5reoPkWFXV" frameborder="0" marginwidth="0" marginheight="0" scrolling="no" class="wp-embedded-content"></iframe><script type="text/javascript">
/* <![CDATA[ */
/*! This file is auto-generated */
!function(d,l){"use strict";l.querySelector&&d.addEventListener&&"undefined"!=typeof URL&&(d.wp=d.wp||{},d.wp.receiveEmbedMessage||(d.wp.receiveEmbedMessage=function(e){var t=e.data;if((t||t.secret||t.message||t.value)&&!/[^a-zA-Z0-9]/.test(t.secret)){for(var s,r,n,a=l.querySelectorAll('iframe[data-secret="'+t.secret+'"]'),o=l.querySelectorAll('blockquote[data-secret="'+t.secret+'"]'),c=new RegExp("^https?:$","i"),i=0;i<o.length;i++)o[i].style.display="none";for(i=0;i<a.length;i++)s=a[i],e.source===s.contentWindow&&(s.removeAttribute("style"),"height"===t.message?(1e3<(r=parseInt(t.value,10))?r=1e3:~~r<200&&(r=200),s.height=r):"link"===t.message&&(r=new URL(s.getAttribute("src")),n=new URL(t.value),c.test(n.protocol))&&n.host===r.host&&l.activeElement===s&&(d.top.location.href=t.value))}},d.addEventListener("message",d.wp.receiveEmbedMessage,!1),l.addEventListener("DOMContentLoaded",function(){for(var e,t,s=l.querySelectorAll("iframe.wp-embedded-content"),r=0;r<s.length;r++)(t=(e=s[r]).getAttribute("data-secret"))||(t=Math.random().toString(36).substring(2,12),e.src+="#?secret="+t,e.setAttribute("data-secret",t)),e.contentWindow.postMessage({message:"ready",secret:t},"*")},!1)))}(window,document);
//# sourceURL=https://portaltela.pt/wp-includes/js/wp-embed.min.js
/* ]]> */
</script>

Nacional recebe o Rio Ave no domingo, às 15h30, no Estádio da Madeira, na 19.ª jornada da Liga Portugal Betclic. A ausência de João Aurélio e Lenny Vallier deixa Tiago Margarido sem dois titulares, com a possibilidade de Alan Nuñez, lateral paraguaio de 21 anos, surgir como opção titular. Deivison pode manter-se como alternativa para o lado direito, após ter sido utilizado recentemente em lugar diferente, sendo que frente ao Santa Clara ocupou a posição depois da lesão de Aurélio. Ulisses Wilson, Filipe Soares e Ivanildo Fernandes continuam no departamento médico; a reintegração deve ocorrer em breve, porém condicionada. Os treinos ocorreram na Camacha e seguem amanhã no Campo Centenário; o alinhamento da equipa fica definido no sábado, após o derradeiro treino no Estádio da Madeira.
