{"version":"1.0","provider_name":"Portal Tela Portugal","provider_url":"https:\/\/portaltela.pt","author_name":"Telinha","author_url":"https:\/\/portaltela.pt\/por\/367410592786\/","title":"Despedida em beleza de Jo\u00e3o Monteiro no Dakar - Portal Tela Portugal","type":"rich","width":600,"height":338,"html":"<blockquote class=\"wp-embedded-content\" data-secret=\"HoF4faYdYy\"><a href=\"https:\/\/portaltela.pt\/desporto\/2026\/01\/17\/despedida-em-beleza-de-joao-monteiro-no-dakar\/\">Despedida em beleza de Jo\u00e3o Monteiro no Dakar<\/a><\/blockquote><iframe sandbox=\"allow-scripts\" security=\"restricted\" src=\"https:\/\/portaltela.pt\/desporto\/2026\/01\/17\/despedida-em-beleza-de-joao-monteiro-no-dakar\/embed\/#?secret=HoF4faYdYy\" width=\"600\" height=\"338\" title=\"&#8220;Despedida em beleza de Jo\u00e3o Monteiro no Dakar&#8221; &#8212; Portal Tela Portugal\" data-secret=\"HoF4faYdYy\" frameborder=\"0\" marginwidth=\"0\" marginheight=\"0\" scrolling=\"no\" class=\"wp-embedded-content\"><\/iframe><script type=\"text\/javascript\">\n\/* <![CDATA[ *\/\n\/*! This file is auto-generated *\/\n!function(d,l){\"use strict\";l.querySelector&&d.addEventListener&&\"undefined\"!=typeof URL&&(d.wp=d.wp||{},d.wp.receiveEmbedMessage||(d.wp.receiveEmbedMessage=function(e){var t=e.data;if((t||t.secret||t.message||t.value)&&!\/[^a-zA-Z0-9]\/.test(t.secret)){for(var s,r,n,a=l.querySelectorAll('iframe[data-secret=\"'+t.secret+'\"]'),o=l.querySelectorAll('blockquote[data-secret=\"'+t.secret+'\"]'),c=new RegExp(\"^https?:$\",\"i\"),i=0;i<o.length;i++)o[i].style.display=\"none\";for(i=0;i<a.length;i++)s=a[i],e.source===s.contentWindow&&(s.removeAttribute(\"style\"),\"height\"===t.message?(1e3<(r=parseInt(t.value,10))?r=1e3:~~r<200&&(r=200),s.height=r):\"link\"===t.message&&(r=new URL(s.getAttribute(\"src\")),n=new URL(t.value),c.test(n.protocol))&&n.host===r.host&&l.activeElement===s&&(d.top.location.href=t.value))}},d.addEventListener(\"message\",d.wp.receiveEmbedMessage,!1),l.addEventListener(\"DOMContentLoaded\",function(){for(var e,t,s=l.querySelectorAll(\"iframe.wp-embedded-content\"),r=0;r<s.length;r++)(t=(e=s[r]).getAttribute(\"data-secret\"))||(t=Math.random().toString(36).substring(2,12),e.src+=\"#?secret=\"+t,e.setAttribute(\"data-secret\",t)),e.contentWindow.postMessage({message:\"ready\",secret:t},\"*\")},!1)))}(window,document);\n\/\/# sourceURL=https:\/\/portaltela.pt\/wp-includes\/js\/wp-embed.min.js\n\/* ]]> *\/\n<\/script>\n","thumbnail_url":"https:\/\/portaltela.pt\/s.01k8rhncp4jt1\/2026\/01\/876622c7-feda-4fc0-872b-57cd00123c11-768x432.jpg","thumbnail_width":600,"thumbnail_height":338,"description":"Jo\u00e3o Monteiro (Can-Am), navegado por Nuno Morais, venceu a 13.\u00aa e \u00faltima etapa do Dakar, na categoria SSV, com 55,09 minutos para cento e cinco quil\u00f3metros cronometrados em redor de Yanbu, Ar\u00e1bia Saudita. Venceu Johan Kristofferson (Polaris) por 14 segundos. Jeremias Ferioli (Can-Am) fechou o p\u00f3dio, a 20 segundos do vencedor. Este \u00e9 o 13.\u00ba piloto portugu\u00eas a triunfar numa etapa do Dakar, somando a vit\u00f3ria de Jo\u00e3o Monteiro com a dupla Jo\u00e3o Monteiro\/Nuno Morais. Entre as motas, H\u00e9lder Rodrigues \u00e9 o recordista com nove vit\u00f3rias."}

Despedida em beleza de João Monteiro no Dakar - Portal Tela Portugal

<blockquote class="wp-embedded-content" data-secret="HoF4faYdYy"><a href="https://portaltela.pt/desporto/2026/01/17/despedida-em-beleza-de-joao-monteiro-no-dakar/">Despedida em beleza de João Monteiro no Dakar</a></blockquote><iframe sandbox="allow-scripts" security="restricted" src="https://portaltela.pt/desporto/2026/01/17/despedida-em-beleza-de-joao-monteiro-no-dakar/embed/#?secret=HoF4faYdYy" width="600" height="338" title="&#8220;Despedida em beleza de João Monteiro no Dakar&#8221; &#8212; Portal Tela Portugal" data-secret="HoF4faYdYy" frameborder="0" marginwidth="0" marginheight="0" scrolling="no" class="wp-embedded-content"></iframe><script type="text/javascript">
/* <![CDATA[ */
/*! This file is auto-generated */
!function(d,l){"use strict";l.querySelector&&d.addEventListener&&"undefined"!=typeof URL&&(d.wp=d.wp||{},d.wp.receiveEmbedMessage||(d.wp.receiveEmbedMessage=function(e){var t=e.data;if((t||t.secret||t.message||t.value)&&!/[^a-zA-Z0-9]/.test(t.secret)){for(var s,r,n,a=l.querySelectorAll('iframe[data-secret="'+t.secret+'"]'),o=l.querySelectorAll('blockquote[data-secret="'+t.secret+'"]'),c=new RegExp("^https?:$","i"),i=0;i<o.length;i++)o[i].style.display="none";for(i=0;i<a.length;i++)s=a[i],e.source===s.contentWindow&&(s.removeAttribute("style"),"height"===t.message?(1e3<(r=parseInt(t.value,10))?r=1e3:~~r<200&&(r=200),s.height=r):"link"===t.message&&(r=new URL(s.getAttribute("src")),n=new URL(t.value),c.test(n.protocol))&&n.host===r.host&&l.activeElement===s&&(d.top.location.href=t.value))}},d.addEventListener("message",d.wp.receiveEmbedMessage,!1),l.addEventListener("DOMContentLoaded",function(){for(var e,t,s=l.querySelectorAll("iframe.wp-embedded-content"),r=0;r<s.length;r++)(t=(e=s[r]).getAttribute("data-secret"))||(t=Math.random().toString(36).substring(2,12),e.src+="#?secret="+t,e.setAttribute("data-secret",t)),e.contentWindow.postMessage({message:"ready",secret:t},"*")},!1)))}(window,document);
//# sourceURL=https://portaltela.pt/wp-includes/js/wp-embed.min.js
/* ]]> */
</script>

João Monteiro (Can-Am), navegado por Nuno Morais, venceu a 13.ª e última etapa do Dakar, na categoria SSV, com 55,09 minutos para cento e cinco quilómetros cronometrados em redor de Yanbu, Arábia Saudita. Venceu Johan Kristofferson (Polaris) por 14 segundos. Jeremias Ferioli (Can-Am) fechou o pódio, a 20 segundos do vencedor. Este é o 13.º piloto português a triunfar numa etapa do Dakar, somando a vitória de João Monteiro com a dupla João Monteiro/Nuno Morais. Entre as motas, Hélder Rodrigues é o recordista com nove vitórias.
