{"version":"1.0","provider_name":"Portal Tela Portugal","provider_url":"https:\/\/portaltela.pt","author_name":"Telinha","author_url":"https:\/\/portaltela.pt\/por\/367410592786\/","title":"Emprego p\u00fablico aumenta 1,7% e atinge m\u00e1ximos desde 2011 - Portal Tela Portugal","type":"rich","width":600,"height":338,"html":"<blockquote class=\"wp-embedded-content\" data-secret=\"CXEVNobZyp\"><a href=\"https:\/\/portaltela.pt\/noticias\/2026\/02\/13\/emprego-publico-aumenta-17-e-atinge-maximos-desde-2011\/\">Emprego p\u00fablico aumenta 1,7% e atinge m\u00e1ximos desde 2011<\/a><\/blockquote><iframe sandbox=\"allow-scripts\" security=\"restricted\" src=\"https:\/\/portaltela.pt\/noticias\/2026\/02\/13\/emprego-publico-aumenta-17-e-atinge-maximos-desde-2011\/embed\/#?secret=CXEVNobZyp\" width=\"600\" height=\"338\" title=\"&#8220;Emprego p\u00fablico aumenta 1,7% e atinge m\u00e1ximos desde 2011&#8221; &#8212; Portal Tela Portugal\" data-secret=\"CXEVNobZyp\" frameborder=\"0\" marginwidth=\"0\" marginheight=\"0\" scrolling=\"no\" class=\"wp-embedded-content\"><\/iframe><script type=\"text\/javascript\">\n\/* <![CDATA[ *\/\n\/*! This file is auto-generated *\/\n!function(d,l){\"use strict\";l.querySelector&&d.addEventListener&&\"undefined\"!=typeof URL&&(d.wp=d.wp||{},d.wp.receiveEmbedMessage||(d.wp.receiveEmbedMessage=function(e){var t=e.data;if((t||t.secret||t.message||t.value)&&!\/[^a-zA-Z0-9]\/.test(t.secret)){for(var s,r,n,a=l.querySelectorAll('iframe[data-secret=\"'+t.secret+'\"]'),o=l.querySelectorAll('blockquote[data-secret=\"'+t.secret+'\"]'),c=new RegExp(\"^https?:$\",\"i\"),i=0;i<o.length;i++)o[i].style.display=\"none\";for(i=0;i<a.length;i++)s=a[i],e.source===s.contentWindow&&(s.removeAttribute(\"style\"),\"height\"===t.message?(1e3<(r=parseInt(t.value,10))?r=1e3:~~r<200&&(r=200),s.height=r):\"link\"===t.message&&(r=new URL(s.getAttribute(\"src\")),n=new URL(t.value),c.test(n.protocol))&&n.host===r.host&&l.activeElement===s&&(d.top.location.href=t.value))}},d.addEventListener(\"message\",d.wp.receiveEmbedMessage,!1),l.addEventListener(\"DOMContentLoaded\",function(){for(var e,t,s=l.querySelectorAll(\"iframe.wp-embedded-content\"),r=0;r<s.length;r++)(t=(e=s[r]).getAttribute(\"data-secret\"))||(t=Math.random().toString(36).substring(2,12),e.src+=\"#?secret=\"+t,e.setAttribute(\"data-secret\",t)),e.contentWindow.postMessage({message:\"ready\",secret:t},\"*\")},!1)))}(window,document);\n\/\/# sourceURL=https:\/\/portaltela.pt\/wp-includes\/js\/wp-embed.min.js\n\/* ]]> *\/\n<\/script>\n","thumbnail_url":"https:\/\/portaltela.pt\/s.01k8rhncp4jt1\/2026\/02\/2067176-768x432.jpg","thumbnail_width":600,"thumbnail_height":338,"description":"Em 31 de dezembro de 2025, o emprego na Administra\u00e7\u00e3o P\u00fablica era de 766.278 postos, mais 1,7% (mais 12.721) face ao \u00faltimo trimestre de 2011, atingindo m\u00e1ximo hist\u00f3rico na s\u00e9rie. O aumento deveu-se, sobretudo, \u00e0 Administra\u00e7\u00e3o Central (+1,6%, +9.171) e \u00e0 Administra\u00e7\u00e3o Local (+2,9%, +4.057), com eleva\u00e7\u00e3o nos sectores da Sa\u00fade e da Educa\u00e7\u00e3o\/Ci\u00eancia e Inova\u00e7\u00e3o. Comparando com o trimestre anterior, houve subida de 0,9% (mais 6.841 postos), principalmente na Administra\u00e7\u00e3o Central (+6.653) e no ensino; registou-se queda na Administra\u00e7\u00e3o Interna (-1.315). No conjunto de 2025, houve saldo l\u00edquido positivo de 12.721 postos, mais 5.538 face a 2024; 7,1% da popula\u00e7\u00e3o total trabalha nas administra\u00e7\u00f5es p\u00fablicas, 13,5% da popula\u00e7\u00e3o activa e 14,4% da popula\u00e7\u00e3o empregada. Reformas caem pela primeira vez desde 2018: 17.231 reformas em 2025, menos 1.440 que em 2024, com a maioria na Administra\u00e7\u00e3o Central (12.893), seguida pela Administra\u00e7\u00e3o Local (3.459) e Administrations regionais (879)."}

Emprego público aumenta 1,7% e atinge máximos desde 2011 - Portal Tela Portugal

<blockquote class="wp-embedded-content" data-secret="CXEVNobZyp"><a href="https://portaltela.pt/noticias/2026/02/13/emprego-publico-aumenta-17-e-atinge-maximos-desde-2011/">Emprego público aumenta 1,7% e atinge máximos desde 2011</a></blockquote><iframe sandbox="allow-scripts" security="restricted" src="https://portaltela.pt/noticias/2026/02/13/emprego-publico-aumenta-17-e-atinge-maximos-desde-2011/embed/#?secret=CXEVNobZyp" width="600" height="338" title="&#8220;Emprego público aumenta 1,7% e atinge máximos desde 2011&#8221; &#8212; Portal Tela Portugal" data-secret="CXEVNobZyp" frameborder="0" marginwidth="0" marginheight="0" scrolling="no" class="wp-embedded-content"></iframe><script type="text/javascript">
/* <![CDATA[ */
/*! This file is auto-generated */
!function(d,l){"use strict";l.querySelector&&d.addEventListener&&"undefined"!=typeof URL&&(d.wp=d.wp||{},d.wp.receiveEmbedMessage||(d.wp.receiveEmbedMessage=function(e){var t=e.data;if((t||t.secret||t.message||t.value)&&!/[^a-zA-Z0-9]/.test(t.secret)){for(var s,r,n,a=l.querySelectorAll('iframe[data-secret="'+t.secret+'"]'),o=l.querySelectorAll('blockquote[data-secret="'+t.secret+'"]'),c=new RegExp("^https?:$","i"),i=0;i<o.length;i++)o[i].style.display="none";for(i=0;i<a.length;i++)s=a[i],e.source===s.contentWindow&&(s.removeAttribute("style"),"height"===t.message?(1e3<(r=parseInt(t.value,10))?r=1e3:~~r<200&&(r=200),s.height=r):"link"===t.message&&(r=new URL(s.getAttribute("src")),n=new URL(t.value),c.test(n.protocol))&&n.host===r.host&&l.activeElement===s&&(d.top.location.href=t.value))}},d.addEventListener("message",d.wp.receiveEmbedMessage,!1),l.addEventListener("DOMContentLoaded",function(){for(var e,t,s=l.querySelectorAll("iframe.wp-embedded-content"),r=0;r<s.length;r++)(t=(e=s[r]).getAttribute("data-secret"))||(t=Math.random().toString(36).substring(2,12),e.src+="#?secret="+t,e.setAttribute("data-secret",t)),e.contentWindow.postMessage({message:"ready",secret:t},"*")},!1)))}(window,document);
//# sourceURL=https://portaltela.pt/wp-includes/js/wp-embed.min.js
/* ]]> */
</script>

Em 31 de dezembro de 2025, o emprego na Administração Pública era de 766.278 postos, mais 1,7% (mais 12.721) face ao último trimestre de 2011, atingindo máximo histórico na série. O aumento deveu-se, sobretudo, à Administração Central (+1,6%, +9.171) e à Administração Local (+2,9%, +4.057), com elevação nos sectores da Saúde e da Educação/Ciência e Inovação. Comparando com o trimestre anterior, houve subida de 0,9% (mais 6.841 postos), principalmente na Administração Central (+6.653) e no ensino; registou-se queda na Administração Interna (-1.315). No conjunto de 2025, houve saldo líquido positivo de 12.721 postos, mais 5.538 face a 2024; 7,1% da população total trabalha nas administrações públicas, 13,5% da população activa e 14,4% da população empregada. Reformas caem pela primeira vez desde 2018: 17.231 reformas em 2025, menos 1.440 que em 2024, com a maioria na Administração Central (12.893), seguida pela Administração Local (3.459) e Administrations regionais (879).
