{"version":"1.0","provider_name":"Portal Tela Portugal","provider_url":"https:\/\/portaltela.pt","author_name":"Telinha","author_url":"https:\/\/portaltela.pt\/por\/367410592786\/","title":"Bacalhau atinge pre\u00e7o recorde este ano - Portal Tela Portugal","type":"rich","width":600,"height":338,"html":"<blockquote class=\"wp-embedded-content\" data-secret=\"lPnr90pwiN\"><a href=\"https:\/\/portaltela.pt\/noticias\/economia\/2026\/03\/07\/bacalhau-atinge-preco-recorde-este-ano\/\">Bacalhau atinge pre\u00e7o recorde este ano<\/a><\/blockquote><iframe sandbox=\"allow-scripts\" security=\"restricted\" src=\"https:\/\/portaltela.pt\/noticias\/economia\/2026\/03\/07\/bacalhau-atinge-preco-recorde-este-ano\/embed\/#?secret=lPnr90pwiN\" width=\"600\" height=\"338\" title=\"&#8220;Bacalhau atinge pre\u00e7o recorde este ano&#8221; &#8212; Portal Tela Portugal\" data-secret=\"lPnr90pwiN\" frameborder=\"0\" marginwidth=\"0\" marginheight=\"0\" scrolling=\"no\" class=\"wp-embedded-content\"><\/iframe><script type=\"text\/javascript\">\n\/* <![CDATA[ *\/\n\/*! This file is auto-generated *\/\n!function(d,l){\"use strict\";l.querySelector&&d.addEventListener&&\"undefined\"!=typeof URL&&(d.wp=d.wp||{},d.wp.receiveEmbedMessage||(d.wp.receiveEmbedMessage=function(e){var t=e.data;if((t||t.secret||t.message||t.value)&&!\/[^a-zA-Z0-9]\/.test(t.secret)){for(var s,r,n,a=l.querySelectorAll('iframe[data-secret=\"'+t.secret+'\"]'),o=l.querySelectorAll('blockquote[data-secret=\"'+t.secret+'\"]'),c=new RegExp(\"^https?:$\",\"i\"),i=0;i<o.length;i++)o[i].style.display=\"none\";for(i=0;i<a.length;i++)s=a[i],e.source===s.contentWindow&&(s.removeAttribute(\"style\"),\"height\"===t.message?(1e3<(r=parseInt(t.value,10))?r=1e3:~~r<200&&(r=200),s.height=r):\"link\"===t.message&&(r=new URL(s.getAttribute(\"src\")),n=new URL(t.value),c.test(n.protocol))&&n.host===r.host&&l.activeElement===s&&(d.top.location.href=t.value))}},d.addEventListener(\"message\",d.wp.receiveEmbedMessage,!1),l.addEventListener(\"DOMContentLoaded\",function(){for(var e,t,s=l.querySelectorAll(\"iframe.wp-embedded-content\"),r=0;r<s.length;r++)(t=(e=s[r]).getAttribute(\"data-secret\"))||(t=Math.random().toString(36).substring(2,12),e.src+=\"#?secret=\"+t,e.setAttribute(\"data-secret\",t)),e.contentWindow.postMessage({message:\"ready\",secret:t},\"*\")},!1)))}(window,document);\n\/\/# sourceURL=https:\/\/portaltela.pt\/wp-includes\/js\/wp-embed.min.js\n\/* ]]> *\/\n<\/script>\n","thumbnail_url":"https:\/\/portaltela.pt\/s.01k8rhncp4jt1\/2026\/03\/img_1500x1000uu2023-12-23-10-27-59-1523297-768x432.jpg","thumbnail_width":600,"thumbnail_height":338,"description":"Em fevereiro, o bacalhau gra\u00fado atingiu os valores mais elevados desde o in\u00edcio do monitoramento da Deco Proteste ao cabaz alimentar. O pre\u00e7o por quilo subiu de 10,60 euros h\u00e1 quatro anos para 17,28 euros esta semana, um aumento de 63 por cento. Com um or\u00e7amento de cinquenta euros j\u00e1 n\u00e3o \u00e9 poss\u00edvel comprar tr\u00eas quilos: agora adquire-se 2,9 quilos, frente a 4,7 quilos h\u00e1 quatro anos. O consumo m\u00e9dio por portugu\u00eas \u00e9 de 16 quilos por ano, o que torna o aumento relevante para os or\u00e7amentos familiares. O cabaz alimentar, que re\u00fane 63 produtos essenciais, j\u00e1 custa 251,76 euros este ano, subindo 9,94 euros desde o in\u00edcio do ano (4,11%), e confronta tamb\u00e9m o aumento do caf\u00e9 torrado mo\u00eddo."}

Bacalhau atinge preço recorde este ano - Portal Tela Portugal

<blockquote class="wp-embedded-content" data-secret="lPnr90pwiN"><a href="https://portaltela.pt/noticias/economia/2026/03/07/bacalhau-atinge-preco-recorde-este-ano/">Bacalhau atinge preço recorde este ano</a></blockquote><iframe sandbox="allow-scripts" security="restricted" src="https://portaltela.pt/noticias/economia/2026/03/07/bacalhau-atinge-preco-recorde-este-ano/embed/#?secret=lPnr90pwiN" width="600" height="338" title="&#8220;Bacalhau atinge preço recorde este ano&#8221; &#8212; Portal Tela Portugal" data-secret="lPnr90pwiN" frameborder="0" marginwidth="0" marginheight="0" scrolling="no" class="wp-embedded-content"></iframe><script type="text/javascript">
/* <![CDATA[ */
/*! This file is auto-generated */
!function(d,l){"use strict";l.querySelector&&d.addEventListener&&"undefined"!=typeof URL&&(d.wp=d.wp||{},d.wp.receiveEmbedMessage||(d.wp.receiveEmbedMessage=function(e){var t=e.data;if((t||t.secret||t.message||t.value)&&!/[^a-zA-Z0-9]/.test(t.secret)){for(var s,r,n,a=l.querySelectorAll('iframe[data-secret="'+t.secret+'"]'),o=l.querySelectorAll('blockquote[data-secret="'+t.secret+'"]'),c=new RegExp("^https?:$","i"),i=0;i<o.length;i++)o[i].style.display="none";for(i=0;i<a.length;i++)s=a[i],e.source===s.contentWindow&&(s.removeAttribute("style"),"height"===t.message?(1e3<(r=parseInt(t.value,10))?r=1e3:~~r<200&&(r=200),s.height=r):"link"===t.message&&(r=new URL(s.getAttribute("src")),n=new URL(t.value),c.test(n.protocol))&&n.host===r.host&&l.activeElement===s&&(d.top.location.href=t.value))}},d.addEventListener("message",d.wp.receiveEmbedMessage,!1),l.addEventListener("DOMContentLoaded",function(){for(var e,t,s=l.querySelectorAll("iframe.wp-embedded-content"),r=0;r<s.length;r++)(t=(e=s[r]).getAttribute("data-secret"))||(t=Math.random().toString(36).substring(2,12),e.src+="#?secret="+t,e.setAttribute("data-secret",t)),e.contentWindow.postMessage({message:"ready",secret:t},"*")},!1)))}(window,document);
//# sourceURL=https://portaltela.pt/wp-includes/js/wp-embed.min.js
/* ]]> */
</script>

Em fevereiro, o bacalhau graúdo atingiu os valores mais elevados desde o início do monitoramento da Deco Proteste ao cabaz alimentar. O preço por quilo subiu de 10,60 euros há quatro anos para 17,28 euros esta semana, um aumento de 63 por cento. Com um orçamento de cinquenta euros já não é possível comprar três quilos: agora adquire-se 2,9 quilos, frente a 4,7 quilos há quatro anos. O consumo médio por português é de 16 quilos por ano, o que torna o aumento relevante para os orçamentos familiares. O cabaz alimentar, que reúne 63 produtos essenciais, já custa 251,76 euros este ano, subindo 9,94 euros desde o início do ano (4,11%), e confronta também o aumento do café torrado moído.
